[INFO] fetching crate mozjs 0.10.1...
[INFO] checking mozjs-0.10.1 against try#72f88fc4e9458f89516a0b8b0868f3718aec5b47 for pr-74989
[INFO] extracting crate mozjs 0.10.1 into /workspace/builds/worker-12/source
[INFO] validating manifest of crates.io crate mozjs 0.10.1 on toolchain 72f88fc4e9458f89516a0b8b0868f3718aec5b47
[INFO] running `Command { std: "/workspace/cargo-home/bin/cargo" "+72f88fc4e9458f89516a0b8b0868f3718aec5b47" "read-manifest" "--manifest-path" "Cargo.toml", kill_on_drop: false }`
[INFO] started tweaking crates.io crate mozjs 0.10.1
[INFO] removed 0 missing tests
[INFO] finished tweaking crates.io crate mozjs 0.10.1
[INFO] tweaked toml for crates.io crate mozjs 0.10.1 written to /workspace/builds/worker-12/source/Cargo.toml
[INFO] running `Command { std: "/workspace/cargo-home/bin/cargo" "+72f88fc4e9458f89516a0b8b0868f3718aec5b47" "generate-lockfile" "--manifest-path" "Cargo.toml" "-Zno-index-update", kill_on_drop: false }`
[INFO] running `Command { std: "/workspace/cargo-home/bin/cargo" "+72f88fc4e9458f89516a0b8b0868f3718aec5b47" "fetch" "--locked" "--manifest-path" "Cargo.toml", kill_on_drop: false }`
[INFO] running `Command { std: "docker" "create" "-v" "/var/lib/crater-agent-workspace/builds/worker-12/target:/opt/rustwide/target:rw,Z" "-v" "/var/lib/crater-agent-workspace/builds/worker-12/source:/opt/rustwide/workdir:ro,Z" "-v" "/var/lib/crater-agent-workspace/cargo-home:/opt/rustwide/cargo-home:ro,Z" "-v" "/var/lib/crater-agent-workspace/rustup-home:/opt/rustwide/rustup-home:ro,Z" "-e" "SOURCE_DIR=/opt/rustwide/workdir" "-e" "CARGO_TARGET_DIR=/opt/rustwide/target" "-e" "CARGO_HOME=/opt/rustwide/cargo-home" "-e" "RUSTUP_HOME=/opt/rustwide/rustup-home" "-w" "/opt/rustwide/workdir" "-m" "1610612736" "--user" "0:0" "--network" "none" "rustops/crates-build-env@sha256:d92eaeed33fa75130ca1ee6c8a01d1ffb62bac859dfdfb3450e3e5d1c0146529" "/opt/rustwide/cargo-home/bin/cargo" "+72f88fc4e9458f89516a0b8b0868f3718aec5b47" "metadata" "--no-deps" "--format-version=1", kill_on_drop: false }`
[INFO] [stdout] c9b38ef69f8e7cc91e8df7dc22a4c6994ed3e7440746e81eb51286e864d5244e
[INFO] [stderr] WARNING: Your kernel does not support swap limit capabilities or the cgroup is not mounted. Memory limited without swap.
[INFO] running `Command { std: "docker" "start" "-a" "c9b38ef69f8e7cc91e8df7dc22a4c6994ed3e7440746e81eb51286e864d5244e", kill_on_drop: false }`
[INFO] running `Command { std: "docker" "inspect" "c9b38ef69f8e7cc91e8df7dc22a4c6994ed3e7440746e81eb51286e864d5244e", kill_on_drop: false }`
[INFO] running `Command { std: "docker" "rm" "-f" "c9b38ef69f8e7cc91e8df7dc22a4c6994ed3e7440746e81eb51286e864d5244e", kill_on_drop: false }`
[INFO] [stdout] c9b38ef69f8e7cc91e8df7dc22a4c6994ed3e7440746e81eb51286e864d5244e
[INFO] running `Command { std: "docker" "create" "-v" "/var/lib/crater-agent-workspace/builds/worker-12/target:/opt/rustwide/target:rw,Z" "-v" "/var/lib/crater-agent-workspace/builds/worker-12/source:/opt/rustwide/workdir:ro,Z" "-v" "/var/lib/crater-agent-workspace/cargo-home:/opt/rustwide/cargo-home:ro,Z" "-v" "/var/lib/crater-agent-workspace/rustup-home:/opt/rustwide/rustup-home:ro,Z" "-e" "SOURCE_DIR=/opt/rustwide/workdir" "-e" "CARGO_TARGET_DIR=/opt/rustwide/target" "-e" "CARGO_INCREMENTAL=0" "-e" "RUST_BACKTRACE=full" "-e" "RUSTFLAGS=--cap-lints=forbid" "-e" "CARGO_HOME=/opt/rustwide/cargo-home" "-e" "RUSTUP_HOME=/opt/rustwide/rustup-home" "-w" "/opt/rustwide/workdir" "-m" "1610612736" "--user" "0:0" "--network" "none" "rustops/crates-build-env@sha256:d92eaeed33fa75130ca1ee6c8a01d1ffb62bac859dfdfb3450e3e5d1c0146529" "/opt/rustwide/cargo-home/bin/cargo" "+72f88fc4e9458f89516a0b8b0868f3718aec5b47" "check" "--frozen" "--all" "--all-targets" "--message-format=json", kill_on_drop: false }`
[INFO] [stdout] 4b58e312b67a1adf0c473e850ef7393bc2871f04d81efda137be0307aa290b9a
[INFO] [stderr] WARNING: Your kernel does not support swap limit capabilities or the cgroup is not mounted. Memory limited without swap.
[INFO] running `Command { std: "docker" "start" "-a" "4b58e312b67a1adf0c473e850ef7393bc2871f04d81efda137be0307aa290b9a", kill_on_drop: false }`
[INFO] [stderr]    Compiling libc v0.2.77
[INFO] [stderr]    Compiling cc v1.0.59
[INFO] [stderr]    Compiling memchr v2.3.3
[INFO] [stderr]    Compiling cfg-if v0.1.10
[INFO] [stderr]    Compiling glob v0.3.0
[INFO] [stderr]    Compiling version_check v0.1.5
[INFO] [stderr]    Compiling gimli v0.22.0
[INFO] [stderr]    Compiling log v0.4.11
[INFO] [stderr]    Compiling lazy_static v1.4.0
[INFO] [stderr]    Compiling bitflags v1.2.1
[INFO] [stderr]    Compiling proc-macro2 v0.4.30
[INFO] [stderr]    Compiling object v0.20.0
[INFO] [stderr]    Compiling rustc-demangle v0.1.16
[INFO] [stderr]    Compiling byteorder v1.3.4
[INFO] [stderr]    Compiling quick-error v1.2.3
[INFO] [stderr]    Compiling regex-syntax v0.6.18
[INFO] [stderr]    Compiling unicode-xid v0.1.0
[INFO] [stderr]    Compiling unicode-width v0.1.8
[INFO] [stderr]    Compiling pkg-config v0.3.18
[INFO] [stderr]    Compiling termcolor v1.1.0
[INFO] [stderr]    Compiling ansi_term v0.11.0
[INFO] [stderr]    Compiling strsim v0.8.0
[INFO] [stderr]    Compiling vec_map v0.8.2
[INFO] [stderr]    Compiling bindgen v0.49.4
[INFO] [stderr]    Compiling shlex v0.1.1
[INFO] [stderr]    Compiling peeking_take_while v0.1.2
[INFO] [stderr]    Compiling autocfg v1.0.1
[INFO] [stderr]    Compiling humantime v1.3.0
[INFO] [stderr]    Compiling thread_local v1.0.1
[INFO] [stderr]    Compiling textwrap v0.11.0
[INFO] [stderr]    Compiling nom v4.2.3
[INFO] [stderr]    Compiling clang-sys v0.28.1
[INFO] [stderr]    Compiling aho-corasick v0.7.13
[INFO] [stderr]    Compiling num-traits v0.2.12
[INFO] [stderr]    Compiling fxhash v0.2.1
[INFO] [stderr]    Compiling libloading v0.5.2
[INFO] [stderr]    Compiling libz-sys v1.1.2
[INFO] [stderr]    Compiling mozjs v0.10.1 (/opt/rustwide/workdir)
[INFO] [stderr]    Compiling quote v0.6.13
[INFO] [stderr]    Compiling atty v0.2.14
[INFO] [stderr]    Compiling clap v2.33.3
[INFO] [stderr]    Compiling cexpr v0.3.6
[INFO] [stderr]    Compiling regex v1.3.9
[INFO] [stderr]    Compiling addr2line v0.13.0
[INFO] [stderr]    Compiling backtrace v0.3.50
[INFO] [stderr]    Compiling env_logger v0.6.2
[INFO] [stderr]    Compiling failure v0.1.8
[INFO] [stderr]    Compiling which v2.0.1
[INFO] [stderr]    Compiling mozjs_sys v0.61.13
[INFO] [stderr] error: failed to run custom build command for `mozjs_sys v0.61.13`
[INFO] [stderr] 
[INFO] [stderr] Caused by:
[INFO] [stderr]   process didn't exit successfully: `/opt/rustwide/target/debug/build/mozjs_sys-2612f6c9736cf916/build-script-build` (exit code: 101)
[INFO] [stderr]   --- stdout
[INFO] [stderr]   [[ /opt/rustwide/cargo-home/registry/src/github.com-1ecc6299db9ec823/mozjs_sys-0.61.13/mozjs/js/src/configure -ot /opt/rustwide/cargo-home/registry/src/github.com-1ecc6299db9ec823/mozjs_sys-0.61.13/mozjs/js/src/configure.in ]] && touch /opt/rustwide/cargo-home/registry/src/github.com-1ecc6299db9ec823/mozjs_sys-0.61.13/mozjs/js/src/configure || true
[INFO] [stderr]   [[ /opt/rustwide/cargo-home/registry/src/github.com-1ecc6299db9ec823/mozjs_sys-0.61.13/mozjs/js/src/old-configure -ot /opt/rustwide/cargo-home/registry/src/github.com-1ecc6299db9ec823/mozjs_sys-0.61.13/mozjs/js/src/old-configure.in ]] && touch /opt/rustwide/cargo-home/registry/src/github.com-1ecc6299db9ec823/mozjs_sys-0.61.13/mozjs/js/src/old-configure || true
[INFO] [stderr]   ! [[ /opt/rustwide/cargo-home/registry/src/github.com-1ecc6299db9ec823/mozjs_sys-0.61.13/mozjs/js/src/configure.in -ot /opt/rustwide/cargo-home/registry/src/github.com-1ecc6299db9ec823/mozjs_sys-0.61.13/mozjs/js/src/configure ]] && touch /opt/rustwide/cargo-home/registry/src/github.com-1ecc6299db9ec823/mozjs_sys-0.61.13/mozjs/js/src/configure || true
[INFO] [stderr]   ! [[ /opt/rustwide/cargo-home/registry/src/github.com-1ecc6299db9ec823/mozjs_sys-0.61.13/mozjs/js/src/old-configure.in -ot /opt/rustwide/cargo-home/registry/src/github.com-1ecc6299db9ec823/mozjs_sys-0.61.13/mozjs/js/src/old-configure ]] && touch /opt/rustwide/cargo-home/registry/src/github.com-1ecc6299db9ec823/mozjs_sys-0.61.13/mozjs/js/src/old-configure || true
[INFO] [stderr]   if [[ /opt/rustwide/cargo-home/registry/src/github.com-1ecc6299db9ec823/mozjs_sys-0.61.13/mozjs/js/src/configure -nt /opt/rustwide/target/debug/build/mozjs_sys-79fa9370c4e481fe/out/config.status ]] ; then \
[INFO] [stderr]     cd /opt/rustwide/target/debug/build/mozjs_sys-79fa9370c4e481fe/out && \
[INFO] [stderr]     PYTHON="python2" MOZ_TOOLS="" \
[INFO] [stderr]     CC="gcc" CFLAGS="" \
[INFO] [stderr]     CPP="gcc -E" CPPFLAGS="" \
[INFO] [stderr]     CXX="g++" CXXFLAGS="" \
[INFO] [stderr]     AS="" AR="ar" \
[INFO] [stderr]     STLPORT_LIBS="" \
[INFO] [stderr]     /opt/rustwide/cargo-home/registry/src/github.com-1ecc6299db9ec823/mozjs_sys-0.61.13/mozjs/js/src/configure --disable-jemalloc --disable-js-shell --disable-tests --disable-shared-js --build-backends=RecursiveMake --disable-shared-js || (cat config.log && exit 1) ; \
[INFO] [stderr]   fi
[INFO] [stderr]   Creating Python environment
[INFO] [stderr]   New python executable in /opt/rustwide/target/debug/build/mozjs_sys-79fa9370c4e481fe/out/_virtualenv/bin/python2
[INFO] [stderr]   Also creating executable in /opt/rustwide/target/debug/build/mozjs_sys-79fa9370c4e481fe/out/_virtualenv/bin/python
[INFO] [stderr]   Installing setuptools, pip, wheel...done.
[INFO] [stderr]   Traceback (most recent call last):
[INFO] [stderr]     File "/opt/rustwide/cargo-home/registry/src/github.com-1ecc6299db9ec823/mozjs_sys-0.61.13/mozjs/third_party/python/psutil/setup.py", line 224, in <module>
[INFO] [stderr]       ETHTOOL_MACRO = get_ethtool_macro()
[INFO] [stderr]     File "/opt/rustwide/cargo-home/registry/src/github.com-1ecc6299db9ec823/mozjs_sys-0.61.13/mozjs/third_party/python/psutil/setup.py", line 212, in get_ethtool_macro
[INFO] [stderr]       compiler.compile([f.name])
[INFO] [stderr]     File "/usr/lib/python2.7/distutils/ccompiler.py", line 566, in compile
[INFO] [stderr]       depends, extra_postargs)
[INFO] [stderr]     File "/usr/lib/python2.7/distutils/ccompiler.py", line 362, in _setup_compile
[INFO] [stderr]       self.mkpath(os.path.dirname(obj))
[INFO] [stderr]     File "/usr/lib/python2.7/distutils/ccompiler.py", line 883, in mkpath
[INFO] [stderr]       mkpath(name, mode, dry_run=self.dry_run)
[INFO] [stderr]     File "/usr/lib/python2.7/distutils/dir_util.py", line 76, in mkpath
[INFO] [stderr]       "could not create '%s': %s" % (head, exc.args[-1]))
[INFO] [stderr]   distutils.errors.DistutilsFileError: could not create 'tmp': Read-only file system
[INFO] [stderr] 
[INFO] [stderr]   Error processing command. Ignoring because optional. (optional:setup.py:third_party/python/psutil:build_ext:--inplace)
[INFO] [stderr]   Error processing command. Ignoring because optional. (optional:packages.txt:comm/build/virtualenv_packages.txt)
[INFO] [stderr]   Reexecuting in the virtualenv
[INFO] [stderr]   checking for vcs source checkout... no
[INFO] [stderr]   checking for a shell... /usr/bin/sh
[INFO] [stderr]   checking for host system type... x86_64-pc-linux-gnu
[INFO] [stderr]   checking for target system type... x86_64-pc-linux-gnu
[INFO] [stderr]   checking for a shell... /usr/bin/sh
[INFO] [stderr]   checking for host system type... x86_64-pc-linux-gnu
[INFO] [stderr]   checking for target system type... x86_64-pc-linux-gnu
[INFO] [stderr]   checking for android platform directory... no
[INFO] [stderr]   checking for android sysroot directory... no
[INFO] [stderr]   checking for android system directory... no
[INFO] [stderr]   checking for the Android toolchain directory... not found
[INFO] [stderr]   checking for android platform directory... no
[INFO] [stderr]   checking for android system directory... no
[INFO] [stderr]   checking for android sysroot directory... no
[INFO] [stderr]   checking for the Android toolchain directory... not found
[INFO] [stderr]   checking for vcs source checkout... no
[INFO] [stderr]   checking whether cross compiling... no
[INFO] [stderr]   checking for the target C compiler... /usr/bin/gcc
[INFO] [stderr]   checking whether the target C compiler can be used... yes
[INFO] [stderr]   checking for Python 3... /usr/bin/python3 (3.8.2)
[INFO] [stderr]   checking for pkg_config... /usr/bin/pkg-config
[INFO] [stderr]   checking for pkg-config version... 0.29.1
[INFO] [stderr]   checking for yasm... not found
[INFO] [stderr]   checking for android ndk version... no
[INFO] [stderr]   checking for GoogleVR SDK... Not specified
[INFO] [stderr]   checking the target C compiler version... 9.3.0
[INFO] [stderr]   checking the target C compiler works... yes
[INFO] [stderr]   checking for the target C++ compiler... /usr/bin/g++
[INFO] [stderr]   checking whether the target C++ compiler can be used... yes
[INFO] [stderr]   checking the target C++ compiler version... 9.3.0
[INFO] [stderr]   checking the target C++ compiler works... yes
[INFO] [stderr]   checking for the host C compiler... /usr/bin/gcc
[INFO] [stderr]   checking whether the host C compiler can be used... yes
[INFO] [stderr]   checking the host C compiler version... 9.3.0
[INFO] [stderr]   checking the host C compiler works... yes
[INFO] [stderr]   checking for the host C++ compiler... /usr/bin/g++
[INFO] [stderr]   checking whether the host C++ compiler can be used... yes
[INFO] [stderr]   checking the host C++ compiler version... 9.3.0
[INFO] [stderr]   checking the host C++ compiler works... yes
[INFO] [stderr]   checking for 64-bit OS... yes
[INFO] [stderr]   checking bindgen cflags... no
[INFO] [stderr]   checking for linker... gold
[INFO] [stderr]   checking for stdint.h... yes
[INFO] [stderr]   checking for inttypes.h... yes
[INFO] [stderr]   checking for malloc.h... yes
[INFO] [stderr]   checking for alloca.h... yes
[INFO] [stderr]   checking for sys/byteorder.h... no
[INFO] [stderr]   checking for getopt.h... yes
[INFO] [stderr]   checking for unistd.h... yes
[INFO] [stderr]   checking for nl_types.h... yes
[INFO] [stderr]   checking for cpuid.h... yes
[INFO] [stderr]   checking for sys/statvfs.h... yes
[INFO] [stderr]   checking for sys/statfs.h... yes
[INFO] [stderr]   checking for sys/vfs.h... yes
[INFO] [stderr]   checking for sys/mount.h... yes
[INFO] [stderr]   checking for sys/quota.h... yes
[INFO] [stderr]   checking for linux/quota.h... yes
[INFO] [stderr]   checking for linux/if_addr.h... yes
[INFO] [stderr]   checking for linux/rtnetlink.h... yes
[INFO] [stderr]   checking for sys/queue.h... yes
[INFO] [stderr]   checking for sys/types.h... yes
[INFO] [stderr]   checking for netinet/in.h... yes
[INFO] [stderr]   checking for byteswap.h... yes
[INFO] [stderr]   checking for linux/perf_event.h... yes
[INFO] [stderr]   checking for perf_event_open system call... yes
[INFO] [stderr]   checking whether the C compiler supports -Wunreachable-code-return... no
[INFO] [stderr]   checking whether the C++ compiler supports -Wunreachable-code-return... no
[INFO] [stderr]   checking whether the C compiler supports -Wclass-varargs... no
[INFO] [stderr]   checking whether the C++ compiler supports -Wclass-varargs... no
[INFO] [stderr]   checking whether the C compiler supports -Wloop-analysis... no
[INFO] [stderr]   checking whether the C++ compiler supports -Wloop-analysis... no
[INFO] [stderr]   checking whether the C++ compiler supports -Wc++1z-compat... yes
[INFO] [stderr]   checking whether the C++ compiler supports -Wcomma... no
[INFO] [stderr]   checking whether the C compiler supports -Wduplicated-cond... yes
[INFO] [stderr]   checking whether the C++ compiler supports -Wduplicated-cond... yes
[INFO] [stderr]   checking whether the C++ compiler supports -Wimplicit-fallthrough... yes
[INFO] [stderr]   checking whether the C compiler supports -Wstring-conversion... no
[INFO] [stderr]   checking whether the C++ compiler supports -Wstring-conversion... no
[INFO] [stderr]   checking whether the C++ compiler supports -Wno-inline-new-delete... no
[INFO] [stderr]   checking whether the C compiler supports -Wno-error=maybe-uninitialized... yes
[INFO] [stderr]   checking whether the C++ compiler supports -Wno-error=maybe-uninitialized... yes
[INFO] [stderr]   checking whether the C compiler supports -Wno-error=deprecated-declarations... yes
[INFO] [stderr]   checking whether the C++ compiler supports -Wno-error=deprecated-declarations... yes
[INFO] [stderr]   checking whether the C compiler supports -Wno-error=array-bounds... yes
[INFO] [stderr]   checking whether the C++ compiler supports -Wno-error=array-bounds... yes
[INFO] [stderr]   checking whether the C compiler supports -Wno-error=free-nonheap-object... yes
[INFO] [stderr]   checking whether the C++ compiler supports -Wno-error=free-nonheap-object... yes
[INFO] [stderr]   checking whether the C compiler supports -Wformat... yes
[INFO] [stderr]   checking whether the C++ compiler supports -Wformat... yes
[INFO] [stderr]   checking whether the C compiler supports -Wformat-security... yes
[INFO] [stderr]   checking whether the C++ compiler supports -Wformat-security... yes
[INFO] [stderr]   checking whether the C compiler supports -Wformat-overflow=2... yes
[INFO] [stderr]   checking whether the C++ compiler supports -Wformat-overflow=2... yes
[INFO] [stderr]   checking whether the C compiler supports -Wno-gnu-zero-variadic-macro-arguments... no
[INFO] [stderr]   checking whether the C++ compiler supports -Wno-gnu-zero-variadic-macro-arguments... no
[INFO] [stderr]   checking whether the C++ compiler supports -Wno-noexcept-type... yes
[INFO] [stderr]   checking whether the C++ compiler supports -fno-sized-deallocation... yes
[INFO] [stderr]   checking for awk... /usr/bin/mawk
[INFO] [stderr]   checking for perl... /usr/bin/perl
[INFO] [stderr]   checking for minimum required perl version >= 5.006... 5.030000
[INFO] [stderr]   checking for full perl installation... yes
[INFO] [stderr]   checking for gmake... /usr/bin/make
[INFO] [stderr]   checking for watchman... not found
[INFO] [stderr]   checking for xargs... /usr/bin/xargs
[INFO] [stderr]   checking for rpmbuild... not found
[INFO] [stderr]   checking for autoconf... INFO: checking for vcs source checkout... 
[INFO] [stderr]   INFO: no
[INFO] [stderr]   INFO: checking for a shell... 
[INFO] [stderr]   INFO: /usr/bin/sh
[INFO] [stderr]   INFO: checking for host system type... 
[INFO] [stderr]   INFO: x86_64-pc-linux-gnu
[INFO] [stderr]   INFO: checking for target system type... 
[INFO] [stderr]   INFO: x86_64-pc-linux-gnu
[INFO] [stderr]   INFO: checking for a shell... 
[INFO] [stderr]   INFO: /usr/bin/sh
[INFO] [stderr]   INFO: checking for host system type... 
[INFO] [stderr]   INFO: x86_64-pc-linux-gnu
[INFO] [stderr]   INFO: checking for target system type... 
[INFO] [stderr]   INFO: x86_64-pc-linux-gnu
[INFO] [stderr]   INFO: checking for android platform directory... 
[INFO] [stderr]   INFO: no
[INFO] [stderr]   INFO: checking for android sysroot directory... 
[INFO] [stderr]   INFO: no
[INFO] [stderr]   INFO: checking for android system directory... 
[INFO] [stderr]   INFO: no
[INFO] [stderr]   INFO: checking for the Android toolchain directory... 
[INFO] [stderr]   INFO: not found
[INFO] [stderr]   INFO: checking for android platform directory... 
[INFO] [stderr]   INFO: no
[INFO] [stderr]   INFO: checking for android system directory... 
[INFO] [stderr]   INFO: no
[INFO] [stderr]   INFO: checking for android sysroot directory... 
[INFO] [stderr]   INFO: no
[INFO] [stderr]   INFO: checking for the Android toolchain directory... 
[INFO] [stderr]   INFO: not found
[INFO] [stderr]   INFO: checking for vcs source checkout... 
[INFO] [stderr]   INFO: no
[INFO] [stderr]   INFO: checking whether cross compiling... 
[INFO] [stderr]   INFO: no
[INFO] [stderr]   INFO: checking for the target C compiler... 
[INFO] [stderr]   DEBUG: _cc: Trying gcc
[INFO] [stderr]   INFO: /usr/bin/gcc
[INFO] [stderr]   INFO: checking whether the target C compiler can be used... 
[INFO] [stderr]   DEBUG: Creating `/tmp/conftest.EOLhtE.c` with content:
[INFO] [stderr]   DEBUG: | #if defined(_MSC_VER)
[INFO] [stderr]   DEBUG: | #if defined(__clang__)
[INFO] [stderr]   DEBUG: | %COMPILER "clang-cl"
[INFO] [stderr]   DEBUG: | %VERSION _MSC_FULL_VER
[INFO] [stderr]   DEBUG: | #else
[INFO] [stderr]   DEBUG: | %COMPILER "msvc"
[INFO] [stderr]   DEBUG: | %VERSION _MSC_FULL_VER
[INFO] [stderr]   DEBUG: | #endif
[INFO] [stderr]   DEBUG: | #elif defined(__clang__)
[INFO] [stderr]   DEBUG: | %COMPILER "clang"
[INFO] [stderr]   DEBUG: | #  if !__cplusplus || __has_feature(cxx_alignof)
[INFO] [stderr]   DEBUG: | %VERSION __clang_major__.__clang_minor__.__clang_patchlevel__
[INFO] [stderr]   DEBUG: | #  endif
[INFO] [stderr]   DEBUG: | #elif defined(__GNUC__)
[INFO] [stderr]   DEBUG: | %COMPILER "gcc"
[INFO] [stderr]   DEBUG: | %VERSION __GNUC__.__GNUC_MINOR__.__GNUC_PATCHLEVEL__
[INFO] [stderr]   DEBUG: | #endif
[INFO] [stderr]   DEBUG: | 
[INFO] [stderr]   DEBUG: | #if __cplusplus
[INFO] [stderr]   DEBUG: | %cplusplus __cplusplus
[INFO] [stderr]   DEBUG: | #elif __STDC_VERSION__
[INFO] [stderr]   DEBUG: | %STDC_VERSION __STDC_VERSION__
[INFO] [stderr]   DEBUG: | #elif __STDC__
[INFO] [stderr]   DEBUG: | %STDC_VERSION 198900L
[INFO] [stderr]   DEBUG: | #endif
[INFO] [stderr]   DEBUG: | #if __i386__ || _M_IX86
[INFO] [stderr]   DEBUG: | %CPU "x86"
[INFO] [stderr]   DEBUG: | #elif __x86_64__ || _M_X64
[INFO] [stderr]   DEBUG: | %CPU "x86_64"
[INFO] [stderr]   DEBUG: | #elif __arm__ || _M_ARM
[INFO] [stderr]   DEBUG: | %CPU "arm"
[INFO] [stderr]   DEBUG: | #elif __aarch64__
[INFO] [stderr]   DEBUG: | %CPU "aarch64"
[INFO] [stderr]   DEBUG: | #elif __ia64__
[INFO] [stderr]   DEBUG: | %CPU "ia64"
[INFO] [stderr]   DEBUG: | #elif __s390x__
[INFO] [stderr]   DEBUG: | %CPU "s390x"
[INFO] [stderr]   DEBUG: | #elif __s390__
[INFO] [stderr]   DEBUG: | %CPU "s390"
[INFO] [stderr]   DEBUG: | #elif __powerpc64__
[INFO] [stderr]   DEBUG: | %CPU "ppc64"
[INFO] [stderr]   DEBUG: | #elif __powerpc__
[INFO] [stderr]   DEBUG: | %CPU "ppc"
[INFO] [stderr]   DEBUG: | #elif __alpha__
[INFO] [stderr]   DEBUG: | %CPU "Alpha"
[INFO] [stderr]   DEBUG: | #elif __hppa__
[INFO] [stderr]   DEBUG: | %CPU "hppa"
[INFO] [stderr]   DEBUG: | #elif __sparc__ && __arch64__
[INFO] [stderr]   DEBUG: | %CPU "sparc64"
[INFO] [stderr]   DEBUG: | #elif __sparc__
[INFO] [stderr]   DEBUG: | %CPU "sparc"
[INFO] [stderr]   DEBUG: | #elif __mips64
[INFO] [stderr]   DEBUG: | %CPU "mips64"
[INFO] [stderr]   DEBUG: | #elif __mips__
[INFO] [stderr]   DEBUG: | %CPU "mips32"
[INFO] [stderr]   DEBUG: | #elif __sh__
[INFO] [stderr]   DEBUG: | %CPU "sh4"
[INFO] [stderr]   DEBUG: | #endif
[INFO] [stderr]   DEBUG: | #if __FreeBSD_kernel__
[INFO] [stderr]   DEBUG: | %KERNEL "kFreeBSD"
[INFO] [stderr]   DEBUG: | #elif __DragonFly__
[INFO] [stderr]   DEBUG: | %KERNEL "DragonFly"
[INFO] [stderr]   DEBUG: | #elif __OpenBSD__
[INFO] [stderr]   DEBUG: | %KERNEL "OpenBSD"
[INFO] [stderr]   DEBUG: | #elif __sun__
[INFO] [stderr]   DEBUG: | %KERNEL "SunOS"
[INFO] [stderr]   DEBUG: | #elif __FreeBSD__
[INFO] [stderr]   DEBUG: | %KERNEL "FreeBSD"
[INFO] [stderr]   DEBUG: | #elif __linux__
[INFO] [stderr]   DEBUG: | %KERNEL "Linux"
[INFO] [stderr]   DEBUG: | #elif _WIN32 || __CYGWIN__
[INFO] [stderr]   DEBUG: | %KERNEL "WINNT"
[INFO] [stderr]   DEBUG: | #elif __NetBSD__
[INFO] [stderr]   DEBUG: | %KERNEL "NetBSD"
[INFO] [stderr]   DEBUG: | #elif __APPLE__
[INFO] [stderr]   DEBUG: | %KERNEL "Darwin"
[INFO] [stderr]   DEBUG: | #endif
[INFO] [stderr]   DEBUG: | #if _MSC_VER || __BYTE_ORDER__ == __ORDER_LITTLE_ENDIAN__
[INFO] [stderr]   DEBUG: | %ENDIANNESS "little"
[INFO] [stderr]   DEBUG: | #elif __BYTE_ORDER__ == __ORDER_BIG_ENDIAN__
[INFO] [stderr]   DEBUG: | %ENDIANNESS "big"
[INFO] [stderr]   DEBUG: | #endif
[INFO] [stderr]   DEBUG: Executing: `/usr/bin/gcc -E /tmp/conftest.EOLhtE.c`
[INFO] [stderr]   DEBUG: COMPILER = gcc
[INFO] [stderr]   DEBUG: VERSION = 9.3.0
[INFO] [stderr]   DEBUG: STDC_VERSION = 201710L
[INFO] [stderr]   DEBUG: CPU = x86_64
[INFO] [stderr]   DEBUG: KERNEL = Linux
[INFO] [stderr]   DEBUG: ENDIANNESS = little
[INFO] [stderr]   DEBUG: Creating `/tmp/conftest.3S7XkS.c` with content:
[INFO] [stderr]   DEBUG: | #if defined(_MSC_VER)
[INFO] [stderr]   DEBUG: | #if defined(__clang__)
[INFO] [stderr]   DEBUG: | %COMPILER "clang-cl"
[INFO] [stderr]   DEBUG: | %VERSION _MSC_FULL_VER
[INFO] [stderr]   DEBUG: | #else
[INFO] [stderr]   DEBUG: | %COMPILER "msvc"
[INFO] [stderr]   DEBUG: | %VERSION _MSC_FULL_VER
[INFO] [stderr]   DEBUG: | #endif
[INFO] [stderr]   DEBUG: | #elif defined(__clang__)
[INFO] [stderr]   DEBUG: | %COMPILER "clang"
[INFO] [stderr]   DEBUG: | #  if !__cplusplus || __has_feature(cxx_alignof)
[INFO] [stderr]   DEBUG: | %VERSION __clang_major__.__clang_minor__.__clang_patchlevel__
[INFO] [stderr]   DEBUG: | #  endif
[INFO] [stderr]   DEBUG: | #elif defined(__GNUC__)
[INFO] [stderr]   DEBUG: | %COMPILER "gcc"
[INFO] [stderr]   DEBUG: | %VERSION __GNUC__.__GNUC_MINOR__.__GNUC_PATCHLEVEL__
[INFO] [stderr]   DEBUG: | #endif
[INFO] [stderr]   DEBUG: | 
[INFO] [stderr]   DEBUG: | #if __cplusplus
[INFO] [stderr]   DEBUG: | %cplusplus __cplusplus
[INFO] [stderr]   DEBUG: | #elif __STDC_VERSION__
[INFO] [stderr]   DEBUG: | %STDC_VERSION __STDC_VERSION__
[INFO] [stderr]   DEBUG: | #elif __STDC__
[INFO] [stderr]   DEBUG: | %STDC_VERSION 198900L
[INFO] [stderr]   DEBUG: | #endif
[INFO] [stderr]   DEBUG: | #if __i386__ || _M_IX86
[INFO] [stderr]   DEBUG: | %CPU "x86"
[INFO] [stderr]   DEBUG: | #elif __x86_64__ || _M_X64
[INFO] [stderr]   DEBUG: | %CPU "x86_64"
[INFO] [stderr]   DEBUG: | #elif __arm__ || _M_ARM
[INFO] [stderr]   DEBUG: | %CPU "arm"
[INFO] [stderr]   DEBUG: | #elif __aarch64__
[INFO] [stderr]   DEBUG: | %CPU "aarch64"
[INFO] [stderr]   DEBUG: | #elif __ia64__
[INFO] [stderr]   DEBUG: | %CPU "ia64"
[INFO] [stderr]   DEBUG: | #elif __s390x__
[INFO] [stderr]   DEBUG: | %CPU "s390x"
[INFO] [stderr]   DEBUG: | #elif __s390__
[INFO] [stderr]   DEBUG: | %CPU "s390"
[INFO] [stderr]   DEBUG: | #elif __powerpc64__
[INFO] [stderr]   DEBUG: | %CPU "ppc64"
[INFO] [stderr]   DEBUG: | #elif __powerpc__
[INFO] [stderr]   DEBUG: | %CPU "ppc"
[INFO] [stderr]   DEBUG: | #elif __alpha__
[INFO] [stderr]   DEBUG: | %CPU "Alpha"
[INFO] [stderr]   DEBUG: | #elif __hppa__
[INFO] [stderr]   DEBUG: | %CPU "hppa"
[INFO] [stderr]   DEBUG: | #elif __sparc__ && __arch64__
[INFO] [stderr]   DEBUG: | %CPU "sparc64"
[INFO] [stderr]   DEBUG: | #elif __sparc__
[INFO] [stderr]   DEBUG: | %CPU "sparc"
[INFO] [stderr]   DEBUG: | #elif __mips64
[INFO] [stderr]   DEBUG: | %CPU "mips64"
[INFO] [stderr]   DEBUG: | #elif __mips__
[INFO] [stderr]   DEBUG: | %CPU "mips32"
[INFO] [stderr]   DEBUG: | #elif __sh__
[INFO] [stderr]   DEBUG: | %CPU "sh4"
[INFO] [stderr]   DEBUG: | #endif
[INFO] [stderr]   DEBUG: | #if __FreeBSD_kernel__
[INFO] [stderr]   DEBUG: | %KERNEL "kFreeBSD"
[INFO] [stderr]   DEBUG: | #elif __DragonFly__
[INFO] [stderr]   DEBUG: | %KERNEL "DragonFly"
[INFO] [stderr]   DEBUG: | #elif __OpenBSD__
[INFO] [stderr]   DEBUG: | %KERNEL "OpenBSD"
[INFO] [stderr]   DEBUG: | #elif __sun__
[INFO] [stderr]   DEBUG: | %KERNEL "SunOS"
[INFO] [stderr]   DEBUG: | #elif __FreeBSD__
[INFO] [stderr]   DEBUG: | %KERNEL "FreeBSD"
[INFO] [stderr]   DEBUG: | #elif __linux__
[INFO] [stderr]   DEBUG: | %KERNEL "Linux"
[INFO] [stderr]   DEBUG: | #elif _WIN32 || __CYGWIN__
[INFO] [stderr]   DEBUG: | %KERNEL "WINNT"
[INFO] [stderr]   DEBUG: | #elif __NetBSD__
[INFO] [stderr]   DEBUG: | %KERNEL "NetBSD"
[INFO] [stderr]   DEBUG: | #elif __APPLE__
[INFO] [stderr]   DEBUG: | %KERNEL "Darwin"
[INFO] [stderr]   DEBUG: | #endif
[INFO] [stderr]   DEBUG: | #if _MSC_VER || __BYTE_ORDER__ == __ORDER_LITTLE_ENDIAN__
[INFO] [stderr]   DEBUG: | %ENDIANNESS "little"
[INFO] [stderr]   DEBUG: | #elif __BYTE_ORDER__ == __ORDER_BIG_ENDIAN__
[INFO] [stderr]   DEBUG: | %ENDIANNESS "big"
[INFO] [stderr]   DEBUG: | #endif
[INFO] [stderr]   DEBUG: Executing: `/usr/bin/gcc -std=gnu99 -E /tmp/conftest.3S7XkS.c`
[INFO] [stderr]   DEBUG: COMPILER = gcc
[INFO] [stderr]   DEBUG: VERSION = 9.3.0
[INFO] [stderr]   DEBUG: STDC_VERSION = 199901L
[INFO] [stderr]   DEBUG: CPU = x86_64
[INFO] [stderr]   DEBUG: KERNEL = Linux
[INFO] [stderr]   DEBUG: ENDIANNESS = little
[INFO] [stderr]   INFO: yes
[INFO] [stderr]   INFO: checking for Python 3... 
[INFO] [stderr]   INFO: /usr/bin/python3 (3.8.2)
[INFO] [stderr]   INFO: checking for pkg_config... 
[INFO] [stderr]   DEBUG: pkg_config: Trying pkg-config
[INFO] [stderr]   INFO: /usr/bin/pkg-config
[INFO] [stderr]   INFO: checking for pkg-config version... 
[INFO] [stderr]   DEBUG: Executing: `/usr/bin/pkg-config --version`
[INFO] [stderr]   INFO: 0.29.1
[INFO] [stderr]   INFO: checking for yasm... 
[INFO] [stderr]   DEBUG: yasm: Trying yasm
[INFO] [stderr]   INFO: not found
[INFO] [stderr]   INFO: checking for android ndk version... 
[INFO] [stderr]   INFO: no
[INFO] [stderr]   INFO: checking for GoogleVR SDK... 
[INFO] [stderr]   INFO: Not specified
[INFO] [stderr]   INFO: checking the target C compiler version... 
[INFO] [stderr]   INFO: 9.3.0
[INFO] [stderr]   INFO: checking the target C compiler works... 
[INFO] [stderr]   DEBUG: Creating `/tmp/conftest.OnB2LY.c` with content:
[INFO] [stderr]   DEBUG: | 
[INFO] [stderr]   DEBUG: | int
[INFO] [stderr]   DEBUG: | main(void)
[INFO] [stderr]   DEBUG: | {
[INFO] [stderr]   DEBUG: | 
[INFO] [stderr]   DEBUG: |   ;
[INFO] [stderr]   DEBUG: |   return 0;
[INFO] [stderr]   DEBUG: | }
[INFO] [stderr]   DEBUG: Executing: `/usr/bin/gcc -std=gnu99 -c /tmp/conftest.OnB2LY.c`
[INFO] [stderr]   INFO: yes
[INFO] [stderr]   INFO: checking for the target C++ compiler... 
[INFO] [stderr]   DEBUG: _cxx: Trying g++
[INFO] [stderr]   INFO: /usr/bin/g++
[INFO] [stderr]   INFO: checking whether the target C++ compiler can be used... 
[INFO] [stderr]   DEBUG: Creating `/tmp/conftest.ZVFZDC.cpp` with content:
[INFO] [stderr]   DEBUG: | #if defined(_MSC_VER)
[INFO] [stderr]   DEBUG: | #if defined(__clang__)
[INFO] [stderr]   DEBUG: | %COMPILER "clang-cl"
[INFO] [stderr]   DEBUG: | %VERSION _MSC_FULL_VER
[INFO] [stderr]   DEBUG: | #else
[INFO] [stderr]   DEBUG: | %COMPILER "msvc"
[INFO] [stderr]   DEBUG: | %VERSION _MSC_FULL_VER
[INFO] [stderr]   DEBUG: | #endif
[INFO] [stderr]   DEBUG: | #elif defined(__clang__)
[INFO] [stderr]   DEBUG: | %COMPILER "clang"
[INFO] [stderr]   DEBUG: | #  if !__cplusplus || __has_feature(cxx_alignof)
[INFO] [stderr]   DEBUG: | %VERSION __clang_major__.__clang_minor__.__clang_patchlevel__
[INFO] [stderr]   DEBUG: | #  endif
[INFO] [stderr]   DEBUG: | #elif defined(__GNUC__)
[INFO] [stderr]   DEBUG: | %COMPILER "gcc"
[INFO] [stderr]   DEBUG: | %VERSION __GNUC__.__GNUC_MINOR__.__GNUC_PATCHLEVEL__
[INFO] [stderr]   DEBUG: | #endif
[INFO] [stderr]   DEBUG: | 
[INFO] [stderr]   DEBUG: | #if __cplusplus
[INFO] [stderr]   DEBUG: | %cplusplus __cplusplus
[INFO] [stderr]   DEBUG: | #elif __STDC_VERSION__
[INFO] [stderr]   DEBUG: | %STDC_VERSION __STDC_VERSION__
[INFO] [stderr]   DEBUG: | #elif __STDC__
[INFO] [stderr]   DEBUG: | %STDC_VERSION 198900L
[INFO] [stderr]   DEBUG: | #endif
[INFO] [stderr]   DEBUG: | #if __i386__ || _M_IX86
[INFO] [stderr]   DEBUG: | %CPU "x86"
[INFO] [stderr]   DEBUG: | #elif __x86_64__ || _M_X64
[INFO] [stderr]   DEBUG: | %CPU "x86_64"
[INFO] [stderr]   DEBUG: | #elif __arm__ || _M_ARM
[INFO] [stderr]   DEBUG: | %CPU "arm"
[INFO] [stderr]   DEBUG: | #elif __aarch64__
[INFO] [stderr]   DEBUG: | %CPU "aarch64"
[INFO] [stderr]   DEBUG: | #elif __ia64__
[INFO] [stderr]   DEBUG: | %CPU "ia64"
[INFO] [stderr]   DEBUG: | #elif __s390x__
[INFO] [stderr]   DEBUG: | %CPU "s390x"
[INFO] [stderr]   DEBUG: | #elif __s390__
[INFO] [stderr]   DEBUG: | %CPU "s390"
[INFO] [stderr]   DEBUG: | #elif __powerpc64__
[INFO] [stderr]   DEBUG: | %CPU "ppc64"
[INFO] [stderr]   DEBUG: | #elif __powerpc__
[INFO] [stderr]   DEBUG: | %CPU "ppc"
[INFO] [stderr]   DEBUG: | #elif __alpha__
[INFO] [stderr]   DEBUG: | %CPU "Alpha"
[INFO] [stderr]   DEBUG: | #elif __hppa__
[INFO] [stderr]   DEBUG: | %CPU "hppa"
[INFO] [stderr]   DEBUG: | #elif __sparc__ && __arch64__
[INFO] [stderr]   DEBUG: | %CPU "sparc64"
[INFO] [stderr]   DEBUG: | #elif __sparc__
[INFO] [stderr]   DEBUG: | %CPU "sparc"
[INFO] [stderr]   DEBUG: | #elif __mips64
[INFO] [stderr]   DEBUG: | %CPU "mips64"
[INFO] [stderr]   DEBUG: | #elif __mips__
[INFO] [stderr]   DEBUG: | %CPU "mips32"
[INFO] [stderr]   DEBUG: | #elif __sh__
[INFO] [stderr]   DEBUG: | %CPU "sh4"
[INFO] [stderr]   DEBUG: | #endif
[INFO] [stderr]   DEBUG: | #if __FreeBSD_kernel__
[INFO] [stderr]   DEBUG: | %KERNEL "kFreeBSD"
[INFO] [stderr]   DEBUG: | #elif __DragonFly__
[INFO] [stderr]   DEBUG: | %KERNEL "DragonFly"
[INFO] [stderr]   DEBUG: | #elif __OpenBSD__
[INFO] [stderr]   DEBUG: | %KERNEL "OpenBSD"
[INFO] [stderr]   DEBUG: | #elif __sun__
[INFO] [stderr]   DEBUG: | %KERNEL "SunOS"
[INFO] [stderr]   DEBUG: | #elif __FreeBSD__
[INFO] [stderr]   DEBUG: | %KERNEL "FreeBSD"
[INFO] [stderr]   DEBUG: | #elif __linux__
[INFO] [stderr]   DEBUG: | %KERNEL "Linux"
[INFO] [stderr]   DEBUG: | #elif _WIN32 || __CYGWIN__
[INFO] [stderr]   DEBUG: | %KERNEL "WINNT"
[INFO] [stderr]   DEBUG: | #elif __NetBSD__
[INFO] [stderr]   DEBUG: | %KERNEL "NetBSD"
[INFO] [stderr]   DEBUG: | #elif __APPLE__
[INFO] [stderr]   DEBUG: | %KERNEL "Darwin"
[INFO] [stderr]   DEBUG: | #endif
[INFO] [stderr]   DEBUG: | #if _MSC_VER || __BYTE_ORDER__ == __ORDER_LITTLE_ENDIAN__
[INFO] [stderr]   DEBUG: | %ENDIANNESS "little"
[INFO] [stderr]   DEBUG: | #elif __BYTE_ORDER__ == __ORDER_BIG_ENDIAN__
[INFO] [stderr]   DEBUG: | %ENDIANNESS "big"
[INFO] [stderr]   DEBUG: | #endif
[INFO] [stderr]   DEBUG: Executing: `/usr/bin/g++ -E /tmp/conftest.ZVFZDC.cpp`
[INFO] [stderr]   DEBUG: COMPILER = gcc
[INFO] [stderr]   DEBUG: VERSION = 9.3.0
[INFO] [stderr]   DEBUG: cplusplus = 201402L
[INFO] [stderr]   DEBUG: CPU = x86_64
[INFO] [stderr]   DEBUG: KERNEL = Linux
[INFO] [stderr]   DEBUG: ENDIANNESS = little
[INFO] [stderr]   INFO: yes
[INFO] [stderr]   INFO: checking the target C++ compiler version... 
[INFO] [stderr]   INFO: 9.3.0
[INFO] [stderr]   INFO: checking the target C++ compiler works... 
[INFO] [stderr]   DEBUG: Creating `/tmp/conftest.ekAwZt.cpp` with content:
[INFO] [stderr]   DEBUG: | 
[INFO] [stderr]   DEBUG: | int
[INFO] [stderr]   DEBUG: | main(void)
[INFO] [stderr]   DEBUG: | {
[INFO] [stderr]   DEBUG: | 
[INFO] [stderr]   DEBUG: |   ;
[INFO] [stderr]   DEBUG: |   return 0;
[INFO] [stderr]   DEBUG: | }
[INFO] [stderr]   DEBUG: Executing: `/usr/bin/g++ -c /tmp/conftest.ekAwZt.cpp`
[INFO] [stderr]   INFO: yes
[INFO] [stderr]   INFO: checking for the host C compiler... 
[INFO] [stderr]   DEBUG: _host_cc: Trying /usr/bin/gcc
[INFO] [stderr]   INFO: /usr/bin/gcc
[INFO] [stderr]   INFO: checking whether the host C compiler can be used... 
[INFO] [stderr]   DEBUG: Creating `/tmp/conftest.0PwCu0.c` with content:
[INFO] [stderr]   DEBUG: | #if defined(_MSC_VER)
[INFO] [stderr]   DEBUG: | #if defined(__clang__)
[INFO] [stderr]   DEBUG: | %COMPILER "clang-cl"
[INFO] [stderr]   DEBUG: | %VERSION _MSC_FULL_VER
[INFO] [stderr]   DEBUG: | #else
[INFO] [stderr]   DEBUG: | %COMPILER "msvc"
[INFO] [stderr]   DEBUG: | %VERSION _MSC_FULL_VER
[INFO] [stderr]   DEBUG: | #endif
[INFO] [stderr]   DEBUG: | #elif defined(__clang__)
[INFO] [stderr]   DEBUG: | %COMPILER "clang"
[INFO] [stderr]   DEBUG: | #  if !__cplusplus || __has_feature(cxx_alignof)
[INFO] [stderr]   DEBUG: | %VERSION __clang_major__.__clang_minor__.__clang_patchlevel__
[INFO] [stderr]   DEBUG: | #  endif
[INFO] [stderr]   DEBUG: | #elif defined(__GNUC__)
[INFO] [stderr]   DEBUG: | %COMPILER "gcc"
[INFO] [stderr]   DEBUG: | %VERSION __GNUC__.__GNUC_MINOR__.__GNUC_PATCHLEVEL__
[INFO] [stderr]   DEBUG: | #endif
[INFO] [stderr]   DEBUG: | 
[INFO] [stderr]   DEBUG: | #if __cplusplus
[INFO] [stderr]   DEBUG: | %cplusplus __cplusplus
[INFO] [stderr]   DEBUG: | #elif __STDC_VERSION__
[INFO] [stderr]   DEBUG: | %STDC_VERSION __STDC_VERSION__
[INFO] [stderr]   DEBUG: | #elif __STDC__
[INFO] [stderr]   DEBUG: | %STDC_VERSION 198900L
[INFO] [stderr]   DEBUG: | #endif
[INFO] [stderr]   DEBUG: | #if __i386__ || _M_IX86
[INFO] [stderr]   DEBUG: | %CPU "x86"
[INFO] [stderr]   DEBUG: | #elif __x86_64__ || _M_X64
[INFO] [stderr]   DEBUG: | %CPU "x86_64"
[INFO] [stderr]   DEBUG: | #elif __arm__ || _M_ARM
[INFO] [stderr]   DEBUG: | %CPU "arm"
[INFO] [stderr]   DEBUG: | #elif __aarch64__
[INFO] [stderr]   DEBUG: | %CPU "aarch64"
[INFO] [stderr]   DEBUG: | #elif __ia64__
[INFO] [stderr]   DEBUG: | %CPU "ia64"
[INFO] [stderr]   DEBUG: | #elif __s390x__
[INFO] [stderr]   DEBUG: | %CPU "s390x"
[INFO] [stderr]   DEBUG: | #elif __s390__
[INFO] [stderr]   DEBUG: | %CPU "s390"
[INFO] [stderr]   DEBUG: | #elif __powerpc64__
[INFO] [stderr]   DEBUG: | %CPU "ppc64"
[INFO] [stderr]   DEBUG: | #elif __powerpc__
[INFO] [stderr]   DEBUG: | %CPU "ppc"
[INFO] [stderr]   DEBUG: | #elif __alpha__
[INFO] [stderr]   DEBUG: | %CPU "Alpha"
[INFO] [stderr]   DEBUG: | #elif __hppa__
[INFO] [stderr]   DEBUG: | %CPU "hppa"
[INFO] [stderr]   DEBUG: | #elif __sparc__ && __arch64__
[INFO] [stderr]   DEBUG: | %CPU "sparc64"
[INFO] [stderr]   DEBUG: | #elif __sparc__
[INFO] [stderr]   DEBUG: | %CPU "sparc"
[INFO] [stderr]   DEBUG: | #elif __mips64
[INFO] [stderr]   DEBUG: | %CPU "mips64"
[INFO] [stderr]   DEBUG: | #elif __mips__
[INFO] [stderr]   DEBUG: | %CPU "mips32"
[INFO] [stderr]   DEBUG: | #elif __sh__
[INFO] [stderr]   DEBUG: | %CPU "sh4"
[INFO] [stderr]   DEBUG: | #endif
[INFO] [stderr]   DEBUG: | #if __FreeBSD_kernel__
[INFO] [stderr]   DEBUG: | %KERNEL "kFreeBSD"
[INFO] [stderr]   DEBUG: | #elif __DragonFly__
[INFO] [stderr]   DEBUG: | %KERNEL "DragonFly"
[INFO] [stderr]   DEBUG: | #elif __OpenBSD__
[INFO] [stderr]   DEBUG: | %KERNEL "OpenBSD"
[INFO] [stderr]   DEBUG: | #elif __sun__
[INFO] [stderr]   DEBUG: | %KERNEL "SunOS"
[INFO] [stderr]   DEBUG: | #elif __FreeBSD__
[INFO] [stderr]   DEBUG: | %KERNEL "FreeBSD"
[INFO] [stderr]   DEBUG: | #elif __linux__
[INFO] [stderr]   DEBUG: | %KERNEL "Linux"
[INFO] [stderr]   DEBUG: | #elif _WIN32 || __CYGWIN__
[INFO] [stderr]   DEBUG: | %KERNEL "WINNT"
[INFO] [stderr]   DEBUG: | #elif __NetBSD__
[INFO] [stderr]   DEBUG: | %KERNEL "NetBSD"
[INFO] [stderr]   DEBUG: | #elif __APPLE__
[INFO] [stderr]   DEBUG: | %KERNEL "Darwin"
[INFO] [stderr]   DEBUG: | #endif
[INFO] [stderr]   DEBUG: | #if _MSC_VER || __BYTE_ORDER__ == __ORDER_LITTLE_ENDIAN__
[INFO] [stderr]   DEBUG: | %ENDIANNESS "little"
[INFO] [stderr]   DEBUG: | #elif __BYTE_ORDER__ == __ORDER_BIG_ENDIAN__
[INFO] [stderr]   DEBUG: | %ENDIANNESS "big"
[INFO] [stderr]   DEBUG: | #endif
[INFO] [stderr]   DEBUG: Executing: `/usr/bin/gcc -std=gnu99 -E /tmp/conftest.0PwCu0.c`
[INFO] [stderr]   DEBUG: COMPILER = gcc
[INFO] [stderr]   DEBUG: VERSION = 9.3.0
[INFO] [stderr]   DEBUG: STDC_VERSION = 199901L
[INFO] [stderr]   DEBUG: CPU = x86_64
[INFO] [stderr]   DEBUG: KERNEL = Linux
[INFO] [stderr]   DEBUG: ENDIANNESS = little
[INFO] [stderr]   INFO: yes
[INFO] [stderr]   INFO: checking the host C compiler version... 
[INFO] [stderr]   INFO: 9.3.0
[INFO] [stderr]   INFO: checking the host C compiler works... 
[INFO] [stderr]   DEBUG: Creating `/tmp/conftest.EzDsYx.c` with content:
[INFO] [stderr]   DEBUG: | 
[INFO] [stderr]   DEBUG: | int
[INFO] [stderr]   DEBUG: | main(void)
[INFO] [stderr]   DEBUG: | {
[INFO] [stderr]   DEBUG: | 
[INFO] [stderr]   DEBUG: |   ;
[INFO] [stderr]   DEBUG: |   return 0;
[INFO] [stderr]   DEBUG: | }
[INFO] [stderr]   DEBUG: Executing: `/usr/bin/gcc -std=gnu99 -c /tmp/conftest.EzDsYx.c`
[INFO] [stderr]   INFO: yes
[INFO] [stderr]   INFO: checking for the host C++ compiler... 
[INFO] [stderr]   DEBUG: _host_cxx: Trying /usr/bin/g++
[INFO] [stderr]   INFO: /usr/bin/g++
[INFO] [stderr]   INFO: checking whether the host C++ compiler can be used... 
[INFO] [stderr]   DEBUG: Creating `/tmp/conftest._pdzuc.cpp` with content:
[INFO] [stderr]   DEBUG: | #if defined(_MSC_VER)
[INFO] [stderr]   DEBUG: | #if defined(__clang__)
[INFO] [stderr]   DEBUG: | %COMPILER "clang-cl"
[INFO] [stderr]   DEBUG: | %VERSION _MSC_FULL_VER
[INFO] [stderr]   DEBUG: | #else
[INFO] [stderr]   DEBUG: | %COMPILER "msvc"
[INFO] [stderr]   DEBUG: | %VERSION _MSC_FULL_VER
[INFO] [stderr]   DEBUG: | #endif
[INFO] [stderr]   DEBUG: | #elif defined(__clang__)
[INFO] [stderr]   DEBUG: | %COMPILER "clang"
[INFO] [stderr]   DEBUG: | #  if !__cplusplus || __has_feature(cxx_alignof)
[INFO] [stderr]   DEBUG: | %VERSION __clang_major__.__clang_minor__.__clang_patchlevel__
[INFO] [stderr]   DEBUG: | #  endif
[INFO] [stderr]   DEBUG: | #elif defined(__GNUC__)
[INFO] [stderr]   DEBUG: | %COMPILER "gcc"
[INFO] [stderr]   DEBUG: | %VERSION __GNUC__.__GNUC_MINOR__.__GNUC_PATCHLEVEL__
[INFO] [stderr]   DEBUG: | #endif
[INFO] [stderr]   DEBUG: | 
[INFO] [stderr]   DEBUG: | #if __cplusplus
[INFO] [stderr]   DEBUG: | %cplusplus __cplusplus
[INFO] [stderr]   DEBUG: | #elif __STDC_VERSION__
[INFO] [stderr]   DEBUG: | %STDC_VERSION __STDC_VERSION__
[INFO] [stderr]   DEBUG: | #elif __STDC__
[INFO] [stderr]   DEBUG: | %STDC_VERSION 198900L
[INFO] [stderr]   DEBUG: | #endif
[INFO] [stderr]   DEBUG: | #if __i386__ || _M_IX86
[INFO] [stderr]   DEBUG: | %CPU "x86"
[INFO] [stderr]   DEBUG: | #elif __x86_64__ || _M_X64
[INFO] [stderr]   DEBUG: | %CPU "x86_64"
[INFO] [stderr]   DEBUG: | #elif __arm__ || _M_ARM
[INFO] [stderr]   DEBUG: | %CPU "arm"
[INFO] [stderr]   DEBUG: | #elif __aarch64__
[INFO] [stderr]   DEBUG: | %CPU "aarch64"
[INFO] [stderr]   DEBUG: | #elif __ia64__
[INFO] [stderr]   DEBUG: | %CPU "ia64"
[INFO] [stderr]   DEBUG: | #elif __s390x__
[INFO] [stderr]   DEBUG: | %CPU "s390x"
[INFO] [stderr]   DEBUG: | #elif __s390__
[INFO] [stderr]   DEBUG: | %CPU "s390"
[INFO] [stderr]   DEBUG: | #elif __powerpc64__
[INFO] [stderr]   DEBUG: | %CPU "ppc64"
[INFO] [stderr]   DEBUG: | #elif __powerpc__
[INFO] [stderr]   DEBUG: | %CPU "ppc"
[INFO] [stderr]   DEBUG: | #elif __alpha__
[INFO] [stderr]   DEBUG: | %CPU "Alpha"
[INFO] [stderr]   DEBUG: | #elif __hppa__
[INFO] [stderr]   DEBUG: | %CPU "hppa"
[INFO] [stderr]   DEBUG: | #elif __sparc__ && __arch64__
[INFO] [stderr]   DEBUG: | %CPU "sparc64"
[INFO] [stderr]   DEBUG: | #elif __sparc__
[INFO] [stderr]   DEBUG: | %CPU "sparc"
[INFO] [stderr]   DEBUG: | #elif __mips64
[INFO] [stderr]   DEBUG: | %CPU "mips64"
[INFO] [stderr]   DEBUG: | #elif __mips__
[INFO] [stderr]   DEBUG: | %CPU "mips32"
[INFO] [stderr]   DEBUG: | #elif __sh__
[INFO] [stderr]   DEBUG: | %CPU "sh4"
[INFO] [stderr]   DEBUG: | #endif
[INFO] [stderr]   DEBUG: | #if __FreeBSD_kernel__
[INFO] [stderr]   DEBUG: | %KERNEL "kFreeBSD"
[INFO] [stderr]   DEBUG: | #elif __DragonFly__
[INFO] [stderr]   DEBUG: | %KERNEL "DragonFly"
[INFO] [stderr]   DEBUG: | #elif __OpenBSD__
[INFO] [stderr]   DEBUG: | %KERNEL "OpenBSD"
[INFO] [stderr]   DEBUG: | #elif __sun__
[INFO] [stderr]   DEBUG: | %KERNEL "SunOS"
[INFO] [stderr]   DEBUG: | #elif __FreeBSD__
[INFO] [stderr]   DEBUG: | %KERNEL "FreeBSD"
[INFO] [stderr]   DEBUG: | #elif __linux__
[INFO] [stderr]   DEBUG: | %KERNEL "Linux"
[INFO] [stderr]   DEBUG: | #elif _WIN32 || __CYGWIN__
[INFO] [stderr]   DEBUG: | %KERNEL "WINNT"
[INFO] [stderr]   DEBUG: | #elif __NetBSD__
[INFO] [stderr]   DEBUG: | %KERNEL "NetBSD"
[INFO] [stderr]   DEBUG: | #elif __APPLE__
[INFO] [stderr]   DEBUG: | %KERNEL "Darwin"
[INFO] [stderr]   DEBUG: | #endif
[INFO] [stderr]   DEBUG: | #if _MSC_VER || __BYTE_ORDER__ == __ORDER_LITTLE_ENDIAN__
[INFO] [stderr]   DEBUG: | %ENDIANNESS "little"
[INFO] [stderr]   DEBUG: | #elif __BYTE_ORDER__ == __ORDER_BIG_ENDIAN__
[INFO] [stderr]   DEBUG: | %ENDIANNESS "big"
[INFO] [stderr]   DEBUG: | #endif
[INFO] [stderr]   DEBUG: Executing: `/usr/bin/g++ -E /tmp/conftest._pdzuc.cpp`
[INFO] [stderr]   DEBUG: COMPILER = gcc
[INFO] [stderr]   DEBUG: VERSION = 9.3.0
[INFO] [stderr]   DEBUG: cplusplus = 201402L
[INFO] [stderr]   DEBUG: CPU = x86_64
[INFO] [stderr]   DEBUG: KERNEL = Linux
[INFO] [stderr]   DEBUG: ENDIANNESS = little
[INFO] [stderr]   INFO: yes
[INFO] [stderr]   INFO: checking the host C++ compiler version... 
[INFO] [stderr]   INFO: 9.3.0
[INFO] [stderr]   INFO: checking the host C++ compiler works... 
[INFO] [stderr]   DEBUG: Creating `/tmp/conftest.gcIpos.cpp` with content:
[INFO] [stderr]   DEBUG: | 
[INFO] [stderr]   DEBUG: | int
[INFO] [stderr]   DEBUG: | main(void)
[INFO] [stderr]   DEBUG: | {
[INFO] [stderr]   DEBUG: | 
[INFO] [stderr]   DEBUG: |   ;
[INFO] [stderr]   DEBUG: |   return 0;
[INFO] [stderr]   DEBUG: | }
[INFO] [stderr]   DEBUG: Executing: `/usr/bin/g++ -c /tmp/conftest.gcIpos.cpp`
[INFO] [stderr]   INFO: yes
[INFO] [stderr]   INFO: checking for 64-bit OS... 
[INFO] [stderr]   DEBUG: Creating `/tmp/conftest.1ACg11.cpp` with content:
[INFO] [stderr]   DEBUG: | 
[INFO] [stderr]   DEBUG: | int
[INFO] [stderr]   DEBUG: | main(void)
[INFO] [stderr]   DEBUG: | {
[INFO] [stderr]   DEBUG: | static_assert(sizeof(void *) == 8, "")
[INFO] [stderr]   DEBUG: |   ;
[INFO] [stderr]   DEBUG: |   return 0;
[INFO] [stderr]   DEBUG: | }
[INFO] [stderr]   DEBUG: Executing: `/usr/bin/g++ -c /tmp/conftest.1ACg11.cpp`
[INFO] [stderr]   INFO: yes
[INFO] [stderr]   INFO: checking bindgen cflags... 
[INFO] [stderr]   INFO: no
[INFO] [stderr]   INFO: checking for linker... 
[INFO] [stderr]   DEBUG: Executing: `/usr/bin/gcc -std=gnu99 -print-prog-name=ld.gold`
[INFO] [stderr]   DEBUG: Executing: `/usr/bin/gcc -std=gnu99 -B /opt/rustwide/target/debug/build/mozjs_sys-79fa9370c4e481fe/out/build/unix/gold -Wl,--version`
[INFO] [stderr]   INFO: gold
[INFO] [stderr]   INFO: checking for stdint.h... 
[INFO] [stderr]   DEBUG: Creating `/tmp/conftest.0O2klW.cpp` with content:
[INFO] [stderr]   DEBUG: | #include <stdint.h>
[INFO] [stderr]   DEBUG: | int
[INFO] [stderr]   DEBUG: | main(void)
[INFO] [stderr]   DEBUG: | {
[INFO] [stderr]   DEBUG: | 
[INFO] [stderr]   DEBUG: |   ;
[INFO] [stderr]   DEBUG: |   return 0;
[INFO] [stderr]   DEBUG: | }
[INFO] [stderr]   DEBUG: Executing: `/usr/bin/g++ -c /tmp/conftest.0O2klW.cpp`
[INFO] [stderr]   INFO: yes
[INFO] [stderr]   INFO: checking for inttypes.h... 
[INFO] [stderr]   DEBUG: Creating `/tmp/conftest.fofbx7.cpp` with content:
[INFO] [stderr]   DEBUG: | #include <inttypes.h>
[INFO] [stderr]   DEBUG: | int
[INFO] [stderr]   DEBUG: | main(void)
[INFO] [stderr]   DEBUG: | {
[INFO] [stderr]   DEBUG: | 
[INFO] [stderr]   DEBUG: |   ;
[INFO] [stderr]   DEBUG: |   return 0;
[INFO] [stderr]   DEBUG: | }
[INFO] [stderr]   DEBUG: Executing: `/usr/bin/g++ -c /tmp/conftest.fofbx7.cpp`
[INFO] [stderr]   INFO: yes
[INFO] [stderr]   INFO: checking for malloc.h... 
[INFO] [stderr]   DEBUG: Creating `/tmp/conftest.ofcTC7.cpp` with content:
[INFO] [stderr]   DEBUG: | #include <malloc.h>
[INFO] [stderr]   DEBUG: | int
[INFO] [stderr]   DEBUG: | main(void)
[INFO] [stderr]   DEBUG: | {
[INFO] [stderr]   DEBUG: | 
[INFO] [stderr]   DEBUG: |   ;
[INFO] [stderr]   DEBUG: |   return 0;
[INFO] [stderr]   DEBUG: | }
[INFO] [stderr]   DEBUG: Executing: `/usr/bin/g++ -c /tmp/conftest.ofcTC7.cpp`
[INFO] [stderr]   INFO: yes
[INFO] [stderr]   INFO: checking for alloca.h... 
[INFO] [stderr]   DEBUG: Creating `/tmp/conftest.bipzPy.cpp` with content:
[INFO] [stderr]   DEBUG: | #include <alloca.h>
[INFO] [stderr]   DEBUG: | int
[INFO] [stderr]   DEBUG: | main(void)
[INFO] [stderr]   DEBUG: | {
[INFO] [stderr]   DEBUG: | 
[INFO] [stderr]   DEBUG: |   ;
[INFO] [stderr]   DEBUG: |   return 0;
[INFO] [stderr]   DEBUG: | }
[INFO] [stderr]   DEBUG: Executing: `/usr/bin/g++ -c /tmp/conftest.bipzPy.cpp`
[INFO] [stderr]   INFO: yes
[INFO] [stderr]   INFO: checking for sys/byteorder.h... 
[INFO] [stderr]   DEBUG: Creating `/tmp/conftest.3wZlHa.cpp` with content:
[INFO] [stderr]   DEBUG: | #include <sys/byteorder.h>
[INFO] [stderr]   DEBUG: | int
[INFO] [stderr]   DEBUG: | main(void)
[INFO] [stderr]   DEBUG: | {
[INFO] [stderr]   DEBUG: | 
[INFO] [stderr]   DEBUG: |   ;
[INFO] [stderr]   DEBUG: |   return 0;
[INFO] [stderr]   DEBUG: | }
[INFO] [stderr]   DEBUG: Executing: `/usr/bin/g++ -c /tmp/conftest.3wZlHa.cpp`
[INFO] [stderr]   DEBUG: The command returned non-zero exit status 1.
[INFO] [stderr]   DEBUG: Its error output was:
[INFO] [stderr]   DEBUG: | /tmp/conftest.3wZlHa.cpp:1:10: fatal error: sys/byteorder.h: No such file or directory
[INFO] [stderr]   DEBUG: |     1 | #include <sys/byteorder.h>
[INFO] [stderr]   DEBUG: |       |          ^~~~~~~~~~~~~~~~~
[INFO] [stderr]   DEBUG: | compilation terminated.
[INFO] [stderr]   INFO: no
[INFO] [stderr]   INFO: checking for getopt.h... 
[INFO] [stderr]   DEBUG: Creating `/tmp/conftest.LoPvo7.cpp` with content:
[INFO] [stderr]   DEBUG: | #include <getopt.h>
[INFO] [stderr]   DEBUG: | int
[INFO] [stderr]   DEBUG: | main(void)
[INFO] [stderr]   DEBUG: | {
[INFO] [stderr]   DEBUG: | 
[INFO] [stderr]   DEBUG: |   ;
[INFO] [stderr]   DEBUG: |   return 0;
[INFO] [stderr]   DEBUG: | }
[INFO] [stderr]   DEBUG: Executing: `/usr/bin/g++ -c /tmp/conftest.LoPvo7.cpp`
[INFO] [stderr]   INFO: yes
[INFO] [stderr]   INFO: checking for unistd.h... 
[INFO] [stderr]   DEBUG: Creating `/tmp/conftest.THLnX_.cpp` with content:
[INFO] [stderr]   DEBUG: | #include <unistd.h>
[INFO] [stderr]   DEBUG: | int
[INFO] [stderr]   DEBUG: | main(void)
[INFO] [stderr]   DEBUG: | {
[INFO] [stderr]   DEBUG: | 
[INFO] [stderr]   DEBUG: |   ;
[INFO] [stderr]   DEBUG: |   return 0;
[INFO] [stderr]   DEBUG: | }
[INFO] [stderr]   DEBUG: Executing: `/usr/bin/g++ -c /tmp/conftest.THLnX_.cpp`
[INFO] [stderr]   INFO: yes
[INFO] [stderr]   INFO: checking for nl_types.h... 
[INFO] [stderr]   DEBUG: Creating `/tmp/conftest.9_XfNQ.cpp` with content:
[INFO] [stderr]   DEBUG: | #include <nl_types.h>
[INFO] [stderr]   DEBUG: | int
[INFO] [stderr]   DEBUG: | main(void)
[INFO] [stderr]   DEBUG: | {
[INFO] [stderr]   DEBUG: | 
[INFO] [stderr]   DEBUG: |   ;
[INFO] [stderr]   DEBUG: |   return 0;
[INFO] [stderr]   DEBUG: | }
[INFO] [stderr]   DEBUG: Executing: `/usr/bin/g++ -c /tmp/conftest.9_XfNQ.cpp`
[INFO] [stderr]   INFO: yes
[INFO] [stderr]   INFO: checking for cpuid.h... 
[INFO] [stderr]   DEBUG: Creating `/tmp/conftest.CmqtAC.cpp` with content:
[INFO] [stderr]   DEBUG: | #include <cpuid.h>
[INFO] [stderr]   DEBUG: | int
[INFO] [stderr]   DEBUG: | main(void)
[INFO] [stderr]   DEBUG: | {
[INFO] [stderr]   DEBUG: | 
[INFO] [stderr]   DEBUG: |   ;
[INFO] [stderr]   DEBUG: |   return 0;
[INFO] [stderr]   DEBUG: | }
[INFO] [stderr]   DEBUG: Executing: `/usr/bin/g++ -c /tmp/conftest.CmqtAC.cpp`
[INFO] [stderr]   INFO: yes
[INFO] [stderr]   INFO: checking for sys/statvfs.h... 
[INFO] [stderr]   DEBUG: Creating `/tmp/conftest.ujA9pd.cpp` with content:
[INFO] [stderr]   DEBUG: | #include <sys/statvfs.h>
[INFO] [stderr]   DEBUG: | int
[INFO] [stderr]   DEBUG: | main(void)
[INFO] [stderr]   DEBUG: | {
[INFO] [stderr]   DEBUG: | 
[INFO] [stderr]   DEBUG: |   ;
[INFO] [stderr]   DEBUG: |   return 0;
[INFO] [stderr]   DEBUG: | }
[INFO] [stderr]   DEBUG: Executing: `/usr/bin/g++ -c /tmp/conftest.ujA9pd.cpp`
[INFO] [stderr]   INFO: yes
[INFO] [stderr]   INFO: checking for sys/statfs.h... 
[INFO] [stderr]   DEBUG: Creating `/tmp/conftest.HZKcR1.cpp` with content:
[INFO] [stderr]   DEBUG: | #include <sys/statfs.h>
[INFO] [stderr]   DEBUG: | int
[INFO] [stderr]   DEBUG: | main(void)
[INFO] [stderr]   DEBUG: | {
[INFO] [stderr]   DEBUG: | 
[INFO] [stderr]   DEBUG: |   ;
[INFO] [stderr]   DEBUG: |   return 0;
[INFO] [stderr]   DEBUG: | }
[INFO] [stderr]   DEBUG: Executing: `/usr/bin/g++ -c /tmp/conftest.HZKcR1.cpp`
[INFO] [stderr]   INFO: yes
[INFO] [stderr]   INFO: checking for sys/vfs.h... 
[INFO] [stderr]   DEBUG: Creating `/tmp/conftest.x0rops.cpp` with content:
[INFO] [stderr]   DEBUG: | #include <sys/vfs.h>
[INFO] [stderr]   DEBUG: | int
[INFO] [stderr]   DEBUG: | main(void)
[INFO] [stderr]   DEBUG: | {
[INFO] [stderr]   DEBUG: | 
[INFO] [stderr]   DEBUG: |   ;
[INFO] [stderr]   DEBUG: |   return 0;
[INFO] [stderr]   DEBUG: | }
[INFO] [stderr]   DEBUG: Executing: `/usr/bin/g++ -c /tmp/conftest.x0rops.cpp`
[INFO] [stderr]   INFO: yes
[INFO] [stderr]   INFO: checking for sys/mount.h... 
[INFO] [stderr]   DEBUG: Creating `/tmp/conftest.vZiaJg.cpp` with content:
[INFO] [stderr]   DEBUG: | #include <sys/mount.h>
[INFO] [stderr]   DEBUG: | int
[INFO] [stderr]   DEBUG: | main(void)
[INFO] [stderr]   DEBUG: | {
[INFO] [stderr]   DEBUG: | 
[INFO] [stderr]   DEBUG: |   ;
[INFO] [stderr]   DEBUG: |   return 0;
[INFO] [stderr]   DEBUG: | }
[INFO] [stderr]   DEBUG: Executing: `/usr/bin/g++ -c /tmp/conftest.vZiaJg.cpp`
[INFO] [stderr]   INFO: yes
[INFO] [stderr]   INFO: checking for sys/quota.h... 
[INFO] [stderr]   DEBUG: Creating `/tmp/conftest.IzYfV1.cpp` with content:
[INFO] [stderr]   DEBUG: | #include <sys/quota.h>
[INFO] [stderr]   DEBUG: | int
[INFO] [stderr]   DEBUG: | main(void)
[INFO] [stderr]   DEBUG: | {
[INFO] [stderr]   DEBUG: | quotactl(0, nullptr, 0, (caddr_t)nullptr);
[INFO] [stderr]   DEBUG: |   ;
[INFO] [stderr]   DEBUG: |   return 0;
[INFO] [stderr]   DEBUG: | }
[INFO] [stderr]   DEBUG: Executing: `/usr/bin/g++ -c /tmp/conftest.IzYfV1.cpp`
[INFO] [stderr]   INFO: yes
[INFO] [stderr]   INFO: checking for linux/quota.h... 
[INFO] [stderr]   DEBUG: Creating `/tmp/conftest.NjEAz4.cpp` with content:
[INFO] [stderr]   DEBUG: | #include <sys/socket.h>
[INFO] [stderr]   DEBUG: | #include <linux/quota.h>
[INFO] [stderr]   DEBUG: | int
[INFO] [stderr]   DEBUG: | main(void)
[INFO] [stderr]   DEBUG: | {
[INFO] [stderr]   DEBUG: | 
[INFO] [stderr]   DEBUG: |   ;
[INFO] [stderr]   DEBUG: |   return 0;
[INFO] [stderr]   DEBUG: | }
[INFO] [stderr]   DEBUG: Executing: `/usr/bin/g++ -c /tmp/conftest.NjEAz4.cpp`
[INFO] [stderr]   INFO: yes
[INFO] [stderr]   INFO: checking for linux/if_addr.h... 
[INFO] [stderr]   DEBUG: Creating `/tmp/conftest.yEbYnF.cpp` with content:
[INFO] [stderr]   DEBUG: | #include <sys/socket.h>
[INFO] [stderr]   DEBUG: | #include <linux/if_addr.h>
[INFO] [stderr]   DEBUG: | int
[INFO] [stderr]   DEBUG: | main(void)
[INFO] [stderr]   DEBUG: | {
[INFO] [stderr]   DEBUG: | 
[INFO] [stderr]   DEBUG: |   ;
[INFO] [stderr]   DEBUG: |   return 0;
[INFO] [stderr]   DEBUG: | }
[INFO] [stderr]   DEBUG: Executing: `/usr/bin/g++ -c /tmp/conftest.yEbYnF.cpp`
[INFO] [stderr]   INFO: yes
[INFO] [stderr]   INFO: checking for linux/rtnetlink.h... 
[INFO] [stderr]   DEBUG: Creating `/tmp/conftest.onFoud.cpp` with content:
[INFO] [stderr]   DEBUG: | #include <sys/socket.h>
[INFO] [stderr]   DEBUG: | #include <linux/rtnetlink.h>
[INFO] [stderr]   DEBUG: | int
[INFO] [stderr]   DEBUG: | main(void)
[INFO] [stderr]   DEBUG: | {
[INFO] [stderr]   DEBUG: | 
[INFO] [stderr]   DEBUG: |   ;
[INFO] [stderr]   DEBUG: |   return 0;
[INFO] [stderr]   DEBUG: | }
[INFO] [stderr]   DEBUG: Executing: `/usr/bin/g++ -c /tmp/conftest.onFoud.cpp`
[INFO] [stderr]   INFO: yes
[INFO] [stderr]   INFO: checking for sys/queue.h... 
[INFO] [stderr]   DEBUG: Creating `/tmp/conftest.5c5VK2.cpp` with content:
[INFO] [stderr]   DEBUG: | #include <sys/queue.h>
[INFO] [stderr]   DEBUG: | int
[INFO] [stderr]   DEBUG: | main(void)
[INFO] [stderr]   DEBUG: | {
[INFO] [stderr]   DEBUG: | 
[INFO] [stderr]   DEBUG: |   ;
[INFO] [stderr]   DEBUG: |   return 0;
[INFO] [stderr]   DEBUG: | }
[INFO] [stderr]   DEBUG: Executing: `/usr/bin/g++ -c /tmp/conftest.5c5VK2.cpp`
[INFO] [stderr]   INFO: yes
[INFO] [stderr]   INFO: checking for sys/types.h... 
[INFO] [stderr]   DEBUG: Creating `/tmp/conftest.tRKxlg.cpp` with content:
[INFO] [stderr]   DEBUG: | #include <sys/types.h>
[INFO] [stderr]   DEBUG: | int
[INFO] [stderr]   DEBUG: | main(void)
[INFO] [stderr]   DEBUG: | {
[INFO] [stderr]   DEBUG: | 
[INFO] [stderr]   DEBUG: |   ;
[INFO] [stderr]   DEBUG: |   return 0;
[INFO] [stderr]   DEBUG: | }
[INFO] [stderr]   DEBUG: Executing: `/usr/bin/g++ -c /tmp/conftest.tRKxlg.cpp`
[INFO] [stderr]   INFO: yes
[INFO] [stderr]   INFO: checking for netinet/in.h... 
[INFO] [stderr]   DEBUG: Creating `/tmp/conftest.XXNVj5.cpp` with content:
[INFO] [stderr]   DEBUG: | #include <netinet/in.h>
[INFO] [stderr]   DEBUG: | int
[INFO] [stderr]   DEBUG: | main(void)
[INFO] [stderr]   DEBUG: | {
[INFO] [stderr]   DEBUG: | 
[INFO] [stderr]   DEBUG: |   ;
[INFO] [stderr]   DEBUG: |   return 0;
[INFO] [stderr]   DEBUG: | }
[INFO] [stderr]   DEBUG: Executing: `/usr/bin/g++ -c /tmp/conftest.XXNVj5.cpp`
[INFO] [stderr]   INFO: yes
[INFO] [stderr]   INFO: checking for byteswap.h... 
[INFO] [stderr]   DEBUG: Creating `/tmp/conftest.8sqNyk.cpp` with content:
[INFO] [stderr]   DEBUG: | #include <byteswap.h>
[INFO] [stderr]   DEBUG: | int
[INFO] [stderr]   DEBUG: | main(void)
[INFO] [stderr]   DEBUG: | {
[INFO] [stderr]   DEBUG: | 
[INFO] [stderr]   DEBUG: |   ;
[INFO] [stderr]   DEBUG: |   return 0;
[INFO] [stderr]   DEBUG: | }
[INFO] [stderr]   DEBUG: Executing: `/usr/bin/g++ -c /tmp/conftest.8sqNyk.cpp`
[INFO] [stderr]   INFO: yes
[INFO] [stderr]   INFO: checking for linux/perf_event.h... 
[INFO] [stderr]   DEBUG: Creating `/tmp/conftest.zYGSGm.cpp` with content:
[INFO] [stderr]   DEBUG: | #include <linux/perf_event.h>
[INFO] [stderr]   DEBUG: | int
[INFO] [stderr]   DEBUG: | main(void)
[INFO] [stderr]   DEBUG: | {
[INFO] [stderr]   DEBUG: | 
[INFO] [stderr]   DEBUG: |   ;
[INFO] [stderr]   DEBUG: |   return 0;
[INFO] [stderr]   DEBUG: | }
[INFO] [stderr]   DEBUG: Executing: `/usr/bin/g++ -c /tmp/conftest.zYGSGm.cpp`
[INFO] [stderr]   INFO: yes
[INFO] [stderr]   INFO: checking for perf_event_open system call... 
[INFO] [stderr]   DEBUG: Creating `/tmp/conftest.daqQTC.cpp` with content:
[INFO] [stderr]   DEBUG: | #include <asm/unistd.h>
[INFO] [stderr]   DEBUG: | int
[INFO] [stderr]   DEBUG: | main(void)
[INFO] [stderr]   DEBUG: | {
[INFO] [stderr]   DEBUG: | return sizeof(__NR_perf_event_open);
[INFO] [stderr]   DEBUG: |   ;
[INFO] [stderr]   DEBUG: |   return 0;
[INFO] [stderr]   DEBUG: | }
[INFO] [stderr]   DEBUG: Executing: `/usr/bin/g++ -c /tmp/conftest.daqQTC.cpp`
[INFO] [stderr]   INFO: yes
[INFO] [stderr]   INFO: checking whether the C compiler supports -Wunreachable-code-return... 
[INFO] [stderr]   DEBUG: Creating `/tmp/conftest.t00bWp.c` with content:
[INFO] [stderr]   DEBUG: | 
[INFO] [stderr]   DEBUG: | int
[INFO] [stderr]   DEBUG: | main(void)
[INFO] [stderr]   DEBUG: | {
[INFO] [stderr]   DEBUG: | 
[INFO] [stderr]   DEBUG: |   ;
[INFO] [stderr]   DEBUG: |   return 0;
[INFO] [stderr]   DEBUG: | }
[INFO] [stderr]   DEBUG: Executing: `/usr/bin/gcc -std=gnu99 -Werror -Wunreachable-code-return -c /tmp/conftest.t00bWp.c`
[INFO] [stderr]   DEBUG: The command returned non-zero exit status 1.
[INFO] [stderr]   DEBUG: Its error output was:
[INFO] [stderr]   DEBUG: | gcc: error: unrecognized command line option '-Wunreachable-code-return'; did you mean '-Wunreachable-code'?
[INFO] [stderr]   INFO: no
[INFO] [stderr]   INFO: checking whether the C++ compiler supports -Wunreachable-code-return... 
[INFO] [stderr]   DEBUG: Creating `/tmp/conftest.reWpW8.cpp` with content:
[INFO] [stderr]   DEBUG: | 
[INFO] [stderr]   DEBUG: | int
[INFO] [stderr]   DEBUG: | main(void)
[INFO] [stderr]   DEBUG: | {
[INFO] [stderr]   DEBUG: | 
[INFO] [stderr]   DEBUG: |   ;
[INFO] [stderr]   DEBUG: |   return 0;
[INFO] [stderr]   DEBUG: | }
[INFO] [stderr]   DEBUG: Executing: `/usr/bin/g++ -Werror -Wunreachable-code-return -c -c /tmp/conftest.reWpW8.cpp`
[INFO] [stderr]   DEBUG: The command returned non-zero exit status 1.
[INFO] [stderr]   DEBUG: Its error output was:
[INFO] [stderr]   DEBUG: | g++: error: unrecognized command line option '-Wunreachable-code-return'; did you mean '-Wunreachable-code'?
[INFO] [stderr]   INFO: no
[INFO] [stderr]   INFO: checking whether the C compiler supports -Wclass-varargs... 
[INFO] [stderr]   DEBUG: Creating `/tmp/conftest.bvxpeC.c` with content:
[INFO] [stderr]   DEBUG: | 
[INFO] [stderr]   DEBUG: | int
[INFO] [stderr]   DEBUG: | main(void)
[INFO] [stderr]   DEBUG: | {
[INFO] [stderr]   DEBUG: | 
[INFO] [stderr]   DEBUG: |   ;
[INFO] [stderr]   DEBUG: |   return 0;
[INFO] [stderr]   DEBUG: | }
[INFO] [stderr]   DEBUG: Executing: `/usr/bin/gcc -std=gnu99 -Werror -Wclass-varargs -c /tmp/conftest.bvxpeC.c`
[INFO] [stderr]   DEBUG: The command returned non-zero exit status 1.
[INFO] [stderr]   DEBUG: Its error output was:
[INFO] [stderr]   DEBUG: | gcc: error: unrecognized command line option '-Wclass-varargs'; did you mean '-Wno-varargs'?
[INFO] [stderr]   INFO: no
[INFO] [stderr]   INFO: checking whether the C++ compiler supports -Wclass-varargs... 
[INFO] [stderr]   DEBUG: Creating `/tmp/conftest.JfBuOv.cpp` with content:
[INFO] [stderr]   DEBUG: | 
[INFO] [stderr]   DEBUG: | int
[INFO] [stderr]   DEBUG: | main(void)
[INFO] [stderr]   DEBUG: | {
[INFO] [stderr]   DEBUG: | 
[INFO] [stderr]   DEBUG: |   ;
[INFO] [stderr]   DEBUG: |   return 0;
[INFO] [stderr]   DEBUG: | }
[INFO] [stderr]   DEBUG: Executing: `/usr/bin/g++ -Werror -Wclass-varargs -c -c /tmp/conftest.JfBuOv.cpp`
[INFO] [stderr]   DEBUG: The command returned non-zero exit status 1.
[INFO] [stderr]   DEBUG: Its error output was:
[INFO] [stderr]   DEBUG: | g++: error: unrecognized command line option '-Wclass-varargs'; did you mean '-Wno-varargs'?
[INFO] [stderr]   INFO: no
[INFO] [stderr]   INFO: checking whether the C compiler supports -Wloop-analysis... 
[INFO] [stderr]   DEBUG: Creating `/tmp/conftest.fQPvOI.c` with content:
[INFO] [stderr]   DEBUG: | 
[INFO] [stderr]   DEBUG: | int
[INFO] [stderr]   DEBUG: | main(void)
[INFO] [stderr]   DEBUG: | {
[INFO] [stderr]   DEBUG: | 
[INFO] [stderr]   DEBUG: |   ;
[INFO] [stderr]   DEBUG: |   return 0;
[INFO] [stderr]   DEBUG: | }
[INFO] [stderr]   DEBUG: Executing: `/usr/bin/gcc -std=gnu99 -Werror -Wloop-analysis -c /tmp/conftest.fQPvOI.c`
[INFO] [stderr]   DEBUG: The command returned non-zero exit status 1.
[INFO] [stderr]   DEBUG: Its error output was:
[INFO] [stderr]   DEBUG: | gcc: error: unrecognized command line option '-Wloop-analysis'
[INFO] [stderr]   INFO: no
[INFO] [stderr]   INFO: checking whether the C++ compiler supports -Wloop-analysis... 
[INFO] [stderr]   DEBUG: Creating `/tmp/conftest.ls686D.cpp` with content:
[INFO] [stderr]   DEBUG: | 
[INFO] [stderr]   DEBUG: | int
[INFO] [stderr]   DEBUG: | main(void)
[INFO] [stderr]   DEBUG: | {
[INFO] [stderr]   DEBUG: | 
[INFO] [stderr]   DEBUG: |   ;
[INFO] [stderr]   DEBUG: |   return 0;
[INFO] [stderr]   DEBUG: | }
[INFO] [stderr]   DEBUG: Executing: `/usr/bin/g++ -Werror -Wloop-analysis -c -c /tmp/conftest.ls686D.cpp`
[INFO] [stderr]   DEBUG: The command returned non-zero exit status 1.
[INFO] [stderr]   DEBUG: Its error output was:
[INFO] [stderr]   DEBUG: | g++: error: unrecognized command line option '-Wloop-analysis'
[INFO] [stderr]   INFO: no
[INFO] [stderr]   INFO: checking whether the C++ compiler supports -Wc++1z-compat... 
[INFO] [stderr]   DEBUG: Creating `/tmp/conftest.9qXqKr.cpp` with content:
[INFO] [stderr]   DEBUG: | 
[INFO] [stderr]   DEBUG: | int
[INFO] [stderr]   DEBUG: | main(void)
[INFO] [stderr]   DEBUG: | {
[INFO] [stderr]   DEBUG: | 
[INFO] [stderr]   DEBUG: |   ;
[INFO] [stderr]   DEBUG: |   return 0;
[INFO] [stderr]   DEBUG: | }
[INFO] [stderr]   DEBUG: Executing: `/usr/bin/g++ -Werror -Wc++1z-compat -c /tmp/conftest.9qXqKr.cpp`
[INFO] [stderr]   INFO: yes
[INFO] [stderr]   INFO: checking whether the C++ compiler supports -Wcomma... 
[INFO] [stderr]   DEBUG: Creating `/tmp/conftest.jz4lC3.cpp` with content:
[INFO] [stderr]   DEBUG: | 
[INFO] [stderr]   DEBUG: | int
[INFO] [stderr]   DEBUG: | main(void)
[INFO] [stderr]   DEBUG: | {
[INFO] [stderr]   DEBUG: | 
[INFO] [stderr]   DEBUG: |   ;
[INFO] [stderr]   DEBUG: |   return 0;
[INFO] [stderr]   DEBUG: | }
[INFO] [stderr]   DEBUG: Executing: `/usr/bin/g++ -Werror -Wcomma -c /tmp/conftest.jz4lC3.cpp`
[INFO] [stderr]   DEBUG: The command returned non-zero exit status 1.
[INFO] [stderr]   DEBUG: Its error output was:
[INFO] [stderr]   DEBUG: | g++: error: unrecognized command line option '-Wcomma'; did you mean '-Wcomment'?
[INFO] [stderr]   INFO: no
[INFO] [stderr]   INFO: checking whether the C compiler supports -Wduplicated-cond... 
[INFO] [stderr]   DEBUG: Creating `/tmp/conftest.cEdBVG.c` with content:
[INFO] [stderr]   DEBUG: | 
[INFO] [stderr]   DEBUG: | int
[INFO] [stderr]   DEBUG: | main(void)
[INFO] [stderr]   DEBUG: | {
[INFO] [stderr]   DEBUG: | 
[INFO] [stderr]   DEBUG: |   ;
[INFO] [stderr]   DEBUG: |   return 0;
[INFO] [stderr]   DEBUG: | }
[INFO] [stderr]   DEBUG: Executing: `/usr/bin/gcc -std=gnu99 -Werror -Wduplicated-cond -c /tmp/conftest.cEdBVG.c`
[INFO] [stderr]   INFO: yes
[INFO] [stderr]   INFO: checking whether the C++ compiler supports -Wduplicated-cond... 
[INFO] [stderr]   DEBUG: Creating `/tmp/conftest.EcKKhe.cpp` with content:
[INFO] [stderr]   DEBUG: | 
[INFO] [stderr]   DEBUG: | int
[INFO] [stderr]   DEBUG: | main(void)
[INFO] [stderr]   DEBUG: | {
[INFO] [stderr]   DEBUG: | 
[INFO] [stderr]   DEBUG: |   ;
[INFO] [stderr]   DEBUG: |   return 0;
[INFO] [stderr]   DEBUG: | }
[INFO] [stderr]   DEBUG: Executing: `/usr/bin/g++ -Werror -Wduplicated-cond -c -c /tmp/conftest.EcKKhe.cpp`
[INFO] [stderr]   INFO: yes
[INFO] [stderr]   INFO: checking whether the C++ compiler supports -Wimplicit-fallthrough... 
[INFO] [stderr]   DEBUG: Creating `/tmp/conftest.KuY27G.cpp` with content:
[INFO] [stderr]   DEBUG: | 
[INFO] [stderr]   DEBUG: | int
[INFO] [stderr]   DEBUG: | main(void)
[INFO] [stderr]   DEBUG: | {
[INFO] [stderr]   DEBUG: | 
[INFO] [stderr]   DEBUG: |   ;
[INFO] [stderr]   DEBUG: |   return 0;
[INFO] [stderr]   DEBUG: | }
[INFO] [stderr]   DEBUG: Executing: `/usr/bin/g++ -Werror -Wimplicit-fallthrough -c /tmp/conftest.KuY27G.cpp`
[INFO] [stderr]   INFO: yes
[INFO] [stderr]   INFO: checking whether the C compiler supports -Wstring-conversion... 
[INFO] [stderr]   DEBUG: Creating `/tmp/conftest.7Ehbn6.c` with content:
[INFO] [stderr]   DEBUG: | 
[INFO] [stderr]   DEBUG: | int
[INFO] [stderr]   DEBUG: | main(void)
[INFO] [stderr]   DEBUG: | {
[INFO] [stderr]   DEBUG: | 
[INFO] [stderr]   DEBUG: |   ;
[INFO] [stderr]   DEBUG: |   return 0;
[INFO] [stderr]   DEBUG: | }
[INFO] [stderr]   DEBUG: Executing: `/usr/bin/gcc -std=gnu99 -Werror -Wstring-conversion -c /tmp/conftest.7Ehbn6.c`
[INFO] [stderr]   DEBUG: The command returned non-zero exit status 1.
[INFO] [stderr]   DEBUG: Its error output was:
[INFO] [stderr]   DEBUG: | gcc: error: unrecognized command line option '-Wstring-conversion'; did you mean '-Wsign-conversion'?
[INFO] [stderr]   INFO: no
[INFO] [stderr]   INFO: checking whether the C++ compiler supports -Wstring-conversion... 
[INFO] [stderr]   DEBUG: Creating `/tmp/conftest.gSe3_W.cpp` with content:
[INFO] [stderr]   DEBUG: | 
[INFO] [stderr]   DEBUG: | int
[INFO] [stderr]   DEBUG: | main(void)
[INFO] [stderr]   DEBUG: | {
[INFO] [stderr]   DEBUG: | 
[INFO] [stderr]   DEBUG: |   ;
[INFO] [stderr]   DEBUG: |   return 0;
[INFO] [stderr]   DEBUG: | }
[INFO] [stderr]   DEBUG: Executing: `/usr/bin/g++ -Werror -Wstring-conversion -c -c /tmp/conftest.gSe3_W.cpp`
[INFO] [stderr]   DEBUG: The command returned non-zero exit status 1.
[INFO] [stderr]   DEBUG: Its error output was:
[INFO] [stderr]   DEBUG: | g++: error: unrecognized command line option '-Wstring-conversion'; did you mean '-Wsign-conversion'?
[INFO] [stderr]   INFO: no
[INFO] [stderr]   INFO: checking whether the C++ compiler supports -Wno-inline-new-delete... 
[INFO] [stderr]   DEBUG: Creating `/tmp/conftest.uijzno.cpp` with content:
[INFO] [stderr]   DEBUG: | 
[INFO] [stderr]   DEBUG: | int
[INFO] [stderr]   DEBUG: | main(void)
[INFO] [stderr]   DEBUG: | {
[INFO] [stderr]   DEBUG: | 
[INFO] [stderr]   DEBUG: |   ;
[INFO] [stderr]   DEBUG: |   return 0;
[INFO] [stderr]   DEBUG: | }
[INFO] [stderr]   DEBUG: Executing: `/usr/bin/g++ -Werror -Winline-new-delete -c /tmp/conftest.uijzno.cpp`
[INFO] [stderr]   DEBUG: The command returned non-zero exit status 1.
[INFO] [stderr]   DEBUG: Its error output was:
[INFO] [stderr]   DEBUG: | g++: error: unrecognized command line option '-Winline-new-delete'
[INFO] [stderr]   INFO: no
[INFO] [stderr]   INFO: checking whether the C compiler supports -Wno-error=maybe-uninitialized... 
[INFO] [stderr]   DEBUG: Creating `/tmp/conftest.EJepQg.c` with content:
[INFO] [stderr]   DEBUG: | 
[INFO] [stderr]   DEBUG: | int
[INFO] [stderr]   DEBUG: | main(void)
[INFO] [stderr]   DEBUG: | {
[INFO] [stderr]   DEBUG: | 
[INFO] [stderr]   DEBUG: |   ;
[INFO] [stderr]   DEBUG: |   return 0;
[INFO] [stderr]   DEBUG: | }
[INFO] [stderr]   DEBUG: Executing: `/usr/bin/gcc -std=gnu99 -Werror -Wno-error=maybe-uninitialized -c /tmp/conftest.EJepQg.c`
[INFO] [stderr]   INFO: yes
[INFO] [stderr]   INFO: checking whether the C++ compiler supports -Wno-error=maybe-uninitialized... 
[INFO] [stderr]   DEBUG: Creating `/tmp/conftest.4QdYwn.cpp` with content:
[INFO] [stderr]   DEBUG: | 
[INFO] [stderr]   DEBUG: | int
[INFO] [stderr]   DEBUG: | main(void)
[INFO] [stderr]   DEBUG: | {
[INFO] [stderr]   DEBUG: | 
[INFO] [stderr]   DEBUG: |   ;
[INFO] [stderr]   DEBUG: |   return 0;
[INFO] [stderr]   DEBUG: | }
[INFO] [stderr]   DEBUG: Executing: `/usr/bin/g++ -Werror -Wno-error=maybe-uninitialized -c -c /tmp/conftest.4QdYwn.cpp`
[INFO] [stderr]   INFO: yes
[INFO] [stderr]   INFO: checking whether the C compiler supports -Wno-error=deprecated-declarations... 
[INFO] [stderr]   DEBUG: Creating `/tmp/conftest.UVXtut.c` with content:
[INFO] [stderr]   DEBUG: | 
[INFO] [stderr]   DEBUG: | int
[INFO] [stderr]   DEBUG: | main(void)
[INFO] [stderr]   DEBUG: | {
[INFO] [stderr]   DEBUG: | 
[INFO] [stderr]   DEBUG: |   ;
[INFO] [stderr]   DEBUG: |   return 0;
[INFO] [stderr]   DEBUG: | }
[INFO] [stderr]   DEBUG: Executing: `/usr/bin/gcc -std=gnu99 -Werror -Wno-error=deprecated-declarations -c /tmp/conftest.UVXtut.c`
[INFO] [stderr]   INFO: yes
[INFO] [stderr]   INFO: checking whether the C++ compiler supports -Wno-error=deprecated-declarations... 
[INFO] [stderr]   DEBUG: Creating `/tmp/conftest.U_duxi.cpp` with content:
[INFO] [stderr]   DEBUG: | 
[INFO] [stderr]   DEBUG: | int
[INFO] [stderr]   DEBUG: | main(void)
[INFO] [stderr]   DEBUG: | {
[INFO] [stderr]   DEBUG: | 
[INFO] [stderr]   DEBUG: |   ;
[INFO] [stderr]   DEBUG: |   return 0;
[INFO] [stderr]   DEBUG: | }
[INFO] [stderr]   DEBUG: Executing: `/usr/bin/g++ -Werror -Wno-error=deprecated-declarations -c -c /tmp/conftest.U_duxi.cpp`
[INFO] [stderr]   INFO: yes
[INFO] [stderr]   INFO: checking whether the C compiler supports -Wno-error=array-bounds... 
[INFO] [stderr]   DEBUG: Creating `/tmp/conftest.7mF7Ps.c` with content:
[INFO] [stderr]   DEBUG: | 
[INFO] [stderr]   DEBUG: | int
[INFO] [stderr]   DEBUG: | main(void)
[INFO] [stderr]   DEBUG: | {
[INFO] [stderr]   DEBUG: | 
[INFO] [stderr]   DEBUG: |   ;
[INFO] [stderr]   DEBUG: |   return 0;
[INFO] [stderr]   DEBUG: | }
[INFO] [stderr]   DEBUG: Executing: `/usr/bin/gcc -std=gnu99 -Werror -Wno-error=array-bounds -c /tmp/conftest.7mF7Ps.c`
[INFO] [stderr]   INFO: yes
[INFO] [stderr]   INFO: checking whether the C++ compiler supports -Wno-error=array-bounds... 
[INFO] [stderr]   DEBUG: Creating `/tmp/conftest.tBn50P.cpp` with content:
[INFO] [stderr]   DEBUG: | 
[INFO] [stderr]   DEBUG: | int
[INFO] [stderr]   DEBUG: | main(void)
[INFO] [stderr]   DEBUG: | {
[INFO] [stderr]   DEBUG: | 
[INFO] [stderr]   DEBUG: |   ;
[INFO] [stderr]   DEBUG: |   return 0;
[INFO] [stderr]   DEBUG: | }
[INFO] [stderr]   DEBUG: Executing: `/usr/bin/g++ -Werror -Wno-error=array-bounds -c -c /tmp/conftest.tBn50P.cpp`
[INFO] [stderr]   INFO: yes
[INFO] [stderr]   INFO: checking whether the C compiler supports -Wno-error=free-nonheap-object... 
[INFO] [stderr]   DEBUG: Creating `/tmp/conftest.RFMfiP.c` with content:
[INFO] [stderr]   DEBUG: | 
[INFO] [stderr]   DEBUG: | int
[INFO] [stderr]   DEBUG: | main(void)
[INFO] [stderr]   DEBUG: | {
[INFO] [stderr]   DEBUG: | 
[INFO] [stderr]   DEBUG: |   ;
[INFO] [stderr]   DEBUG: |   return 0;
[INFO] [stderr]   DEBUG: | }
[INFO] [stderr]   DEBUG: Executing: `/usr/bin/gcc -std=gnu99 -Werror -Wno-error=free-nonheap-object -c /tmp/conftest.RFMfiP.c`
[INFO] [stderr]   INFO: yes
[INFO] [stderr]   INFO: checking whether the C++ compiler supports -Wno-error=free-nonheap-object... 
[INFO] [stderr]   DEBUG: Creating `/tmp/conftest.IhF8rw.cpp` with content:
[INFO] [stderr]   DEBUG: | 
[INFO] [stderr]   DEBUG: | int
[INFO] [stderr]   DEBUG: | main(void)
[INFO] [stderr]   DEBUG: | {
[INFO] [stderr]   DEBUG: | 
[INFO] [stderr]   DEBUG: |   ;
[INFO] [stderr]   DEBUG: |   return 0;
[INFO] [stderr]   DEBUG: | }
[INFO] [stderr]   DEBUG: Executing: `/usr/bin/g++ -Werror -Wno-error=free-nonheap-object -c -c /tmp/conftest.IhF8rw.cpp`
[INFO] [stderr]   INFO: yes
[INFO] [stderr]   INFO: checking whether the C compiler supports -Wformat... 
[INFO] [stderr]   DEBUG: Creating `/tmp/conftest.x9smjZ.c` with content:
[INFO] [stderr]   DEBUG: | 
[INFO] [stderr]   DEBUG: | int
[INFO] [stderr]   DEBUG: | main(void)
[INFO] [stderr]   DEBUG: | {
[INFO] [stderr]   DEBUG: | 
[INFO] [stderr]   DEBUG: |   ;
[INFO] [stderr]   DEBUG: |   return 0;
[INFO] [stderr]   DEBUG: | }
[INFO] [stderr]   DEBUG: Executing: `/usr/bin/gcc -std=gnu99 -Werror -Wformat -c /tmp/conftest.x9smjZ.c`
[INFO] [stderr]   INFO: yes
[INFO] [stderr]   INFO: checking whether the C++ compiler supports -Wformat... 
[INFO] [stderr]   DEBUG: Creating `/tmp/conftest.bXxKrn.cpp` with content:
[INFO] [stderr]   DEBUG: | 
[INFO] [stderr]   DEBUG: | int
[INFO] [stderr]   DEBUG: | main(void)
[INFO] [stderr]   DEBUG: | {
[INFO] [stderr]   DEBUG: | 
[INFO] [stderr]   DEBUG: |   ;
[INFO] [stderr]   DEBUG: |   return 0;
[INFO] [stderr]   DEBUG: | }
[INFO] [stderr]   DEBUG: Executing: `/usr/bin/g++ -Werror -Wformat -c -c /tmp/conftest.bXxKrn.cpp`
[INFO] [stderr]   INFO: yes
[INFO] [stderr]   INFO: checking whether the C compiler supports -Wformat-security... 
[INFO] [stderr]   DEBUG: Creating `/tmp/conftest.KDjKdE.c` with content:
[INFO] [stderr]   DEBUG: | 
[INFO] [stderr]   DEBUG: | int
[INFO] [stderr]   DEBUG: | main(void)
[INFO] [stderr]   DEBUG: | {
[INFO] [stderr]   DEBUG: | 
[INFO] [stderr]   DEBUG: |   ;
[INFO] [stderr]   DEBUG: |   return 0;
[INFO] [stderr]   DEBUG: | }
[INFO] [stderr]   DEBUG: Executing: `/usr/bin/gcc -std=gnu99 -Werror -Wformat-security -c /tmp/conftest.KDjKdE.c`
[INFO] [stderr]   INFO: yes
[INFO] [stderr]   INFO: checking whether the C++ compiler supports -Wformat-security... 
[INFO] [stderr]   DEBUG: Creating `/tmp/conftest.OASo9q.cpp` with content:
[INFO] [stderr]   DEBUG: | 
[INFO] [stderr]   DEBUG: | int
[INFO] [stderr]   DEBUG: | main(void)
[INFO] [stderr]   DEBUG: | {
[INFO] [stderr]   DEBUG: | 
[INFO] [stderr]   DEBUG: |   ;
[INFO] [stderr]   DEBUG: |   return 0;
[INFO] [stderr]   DEBUG: | }
[INFO] [stderr]   DEBUG: Executing: `/usr/bin/g++ -Werror -Wformat-security -c -c /tmp/conftest.OASo9q.cpp`
[INFO] [stderr]   INFO: yes
[INFO] [stderr]   INFO: checking whether the C compiler supports -Wformat-overflow=2... 
[INFO] [stderr]   DEBUG: Creating `/tmp/conftest.KxWJl2.c` with content:
[INFO] [stderr]   DEBUG: | 
[INFO] [stderr]   DEBUG: | int
[INFO] [stderr]   DEBUG: | main(void)
[INFO] [stderr]   DEBUG: | {
[INFO] [stderr]   DEBUG: | 
[INFO] [stderr]   DEBUG: |   ;
[INFO] [stderr]   DEBUG: |   return 0;
[INFO] [stderr]   DEBUG: | }
[INFO] [stderr]   DEBUG: Executing: `/usr/bin/gcc -std=gnu99 -Werror -Wformat-overflow=2 -c /tmp/conftest.KxWJl2.c`
[INFO] [stderr]   INFO: yes
[INFO] [stderr]   INFO: checking whether the C++ compiler supports -Wformat-overflow=2... 
[INFO] [stderr]   DEBUG: Creating `/tmp/conftest.qkLxEi.cpp` with content:
[INFO] [stderr]   DEBUG: | 
[INFO] [stderr]   DEBUG: | int
[INFO] [stderr]   DEBUG: | main(void)
[INFO] [stderr]   DEBUG: | {
[INFO] [stderr]   DEBUG: | 
[INFO] [stderr]   DEBUG: |   ;
[INFO] [stderr]   DEBUG: |   return 0;
[INFO] [stderr]   DEBUG: | }
[INFO] [stderr]   DEBUG: Executing: `/usr/bin/g++ -Werror -Wformat-overflow=2 -c -c /tmp/conftest.qkLxEi.cpp`
[INFO] [stderr]   INFO: yes
[INFO] [stderr]   INFO: checking whether the C compiler supports -Wno-gnu-zero-variadic-macro-arguments... 
[INFO] [stderr]   DEBUG: Creating `/tmp/conftest.diP68I.c` with content:
[INFO] [stderr]   DEBUG: | 
[INFO] [stderr]   DEBUG: | int
[INFO] [stderr]   DEBUG: | main(void)
[INFO] [stderr]   DEBUG: | {
[INFO] [stderr]   DEBUG: | 
[INFO] [stderr]   DEBUG: |   ;
[INFO] [stderr]   DEBUG: |   return 0;
[INFO] [stderr]   DEBUG: | }
[INFO] [stderr]   DEBUG: Executing: `/usr/bin/gcc -std=gnu99 -Werror -Wgnu-zero-variadic-macro-arguments -c /tmp/conftest.diP68I.c`
[INFO] [stderr]   DEBUG: The command returned non-zero exit status 1.
[INFO] [stderr]   DEBUG: Its error output was:
[INFO] [stderr]   DEBUG: | gcc: error: unrecognized command line option '-Wgnu-zero-variadic-macro-arguments'
[INFO] [stderr]   INFO: no
[INFO] [stderr]   INFO: checking whether the C++ compiler supports -Wno-gnu-zero-variadic-macro-arguments... 
[INFO] [stderr]   DEBUG: Creating `/tmp/conftest.eRdU9g.cpp` with content:
[INFO] [stderr]   DEBUG: | 
[INFO] [stderr]   DEBUG: | int
[INFO] [stderr]   DEBUG: | main(void)
[INFO] [stderr]   DEBUG: | {
[INFO] [stderr]   DEBUG: | 
[INFO] [stderr]   DEBUG: |   ;
[INFO] [stderr]   DEBUG: |   return 0;
[INFO] [stderr]   DEBUG: | }
[INFO] [stderr]   DEBUG: Executing: `/usr/bin/g++ -Werror -Wgnu-zero-variadic-macro-arguments -c -c /tmp/conftest.eRdU9g.cpp`
[INFO] [stderr]   DEBUG: The command returned non-zero exit status 1.
[INFO] [stderr]   DEBUG: Its error output was:
[INFO] [stderr]   DEBUG: | g++: error: unrecognized command line option '-Wgnu-zero-variadic-macro-arguments'
[INFO] [stderr]   INFO: no
[INFO] [stderr]   INFO: checking whether the C++ compiler supports -Wno-noexcept-type... 
[INFO] [stderr]   DEBUG: Creating `/tmp/conftest.T2k3Os.cpp` with content:
[INFO] [stderr]   DEBUG: | 
[INFO] [stderr]   DEBUG: | int
[INFO] [stderr]   DEBUG: | main(void)
[INFO] [stderr]   DEBUG: | {
[INFO] [stderr]   DEBUG: | 
[INFO] [stderr]   DEBUG: |   ;
[INFO] [stderr]   DEBUG: |   return 0;
[INFO] [stderr]   DEBUG: | }
[INFO] [stderr]   DEBUG: Executing: `/usr/bin/g++ -Werror -Wnoexcept-type -c /tmp/conftest.T2k3Os.cpp`
[INFO] [stderr]   INFO: yes
[INFO] [stderr]   INFO: checking whether the C++ compiler supports -fno-sized-deallocation... 
[INFO] [stderr]   DEBUG: Creating `/tmp/conftest.WMNR2e.cpp` with content:
[INFO] [stderr]   DEBUG: | 
[INFO] [stderr]   DEBUG: | int
[INFO] [stderr]   DEBUG: | main(void)
[INFO] [stderr]   DEBUG: | {
[INFO] [stderr]   DEBUG: | 
[INFO] [stderr]   DEBUG: |   ;
[INFO] [stderr]   DEBUG: |   return 0;
[INFO] [stderr]   DEBUG: | }
[INFO] [stderr]   DEBUG: Executing: `/usr/bin/g++ -Werror -fno-sized-deallocation -c /tmp/conftest.WMNR2e.cpp`
[INFO] [stderr]   INFO: yes
[INFO] [stderr]   INFO: checking for awk... 
[INFO] [stderr]   DEBUG: awk: Trying gawk
[INFO] [stderr]   DEBUG: awk: Trying mawk
[INFO] [stderr]   INFO: /usr/bin/mawk
[INFO] [stderr]   INFO: checking for perl... 
[INFO] [stderr]   DEBUG: perl: Trying perl5
[INFO] [stderr]   DEBUG: perl: Trying perl
[INFO] [stderr]   INFO: /usr/bin/perl
[INFO] [stderr]   INFO: checking for minimum required perl version >= 5.006... 
[INFO] [stderr]   DEBUG: Executing: `/usr/bin/perl -e 'print $]'`
[INFO] [stderr]   INFO: 5.030000
[INFO] [stderr]   INFO: checking for full perl installation... 
[INFO] [stderr]   INFO: yes
[INFO] [stderr]   INFO: checking for gmake... 
[INFO] [stderr]   DEBUG: gmake: Trying gmake
[INFO] [stderr]   DEBUG: gmake: Trying make
[INFO] [stderr]   INFO: /usr/bin/make
[INFO] [stderr]   INFO: checking for watchman... 
[INFO] [stderr]   INFO: not found
[INFO] [stderr]   INFO: checking for xargs... 
[INFO] [stderr]   DEBUG: xargs: Trying xargs
[INFO] [stderr]   INFO: /usr/bin/xargs
[INFO] [stderr]   INFO: checking for rpmbuild... 
[INFO] [stderr]   DEBUG: rpmbuild: Trying rpmbuild
[INFO] [stderr]   INFO: not found
[INFO] [stderr]   INFO: checking for autoconf... 
[INFO] [stderr]   ERROR: Could not find autoconf 2.13
[INFO] [stderr] 
[INFO] [stderr]   --- stderr
[INFO] [stderr]   ERROR: Could not find autoconf 2.13
[INFO] [stderr]   make: *** [makefile.cargo:183: maybe-configure] Error 1
[INFO] [stderr]   thread 'main' panicked at 'assertion failed: result.success()', /opt/rustwide/cargo-home/registry/src/github.com-1ecc6299db9ec823/mozjs_sys-0.61.13/build.rs:142:5
[INFO] [stderr]   stack backtrace:
[INFO] [stderr]      0:     0x561f1def58b0 - std::backtrace_rs::backtrace::libunwind::trace::h452faf99f32e7c93
[INFO] [stderr]                                  at /rustc/72f88fc4e9458f89516a0b8b0868f3718aec5b47/library/std/src/../../backtrace/src/backtrace/libunwind.rs:96
[INFO] [stderr]      1:     0x561f1def58b0 - std::backtrace_rs::backtrace::trace_unsynchronized::he40edc71437667a1
[INFO] [stderr]                                  at /rustc/72f88fc4e9458f89516a0b8b0868f3718aec5b47/library/std/src/../../backtrace/src/backtrace/mod.rs:66
[INFO] [stderr]      2:     0x561f1def58b0 - std::sys_common::backtrace::_print_fmt::h6c51d6ade71f46bf
[INFO] [stderr]                                  at /rustc/72f88fc4e9458f89516a0b8b0868f3718aec5b47/library/std/src/sys_common/backtrace.rs:79
[INFO] [stderr]      3:     0x561f1def58b0 - <std::sys_common::backtrace::_print::DisplayBacktrace as core::fmt::Display>::fmt::h3cd15d7003dec37a
[INFO] [stderr]                                  at /rustc/72f88fc4e9458f89516a0b8b0868f3718aec5b47/library/std/src/sys_common/backtrace.rs:58
[INFO] [stderr]      4:     0x561f1df1d26c - core::fmt::write::h1857a60b204f1b6a
[INFO] [stderr]                                  at /rustc/72f88fc4e9458f89516a0b8b0868f3718aec5b47/library/core/src/fmt/mod.rs:1080
[INFO] [stderr]      5:     0x561f1def1707 - std::io::Write::write_fmt::hac61caff894c35ae
[INFO] [stderr]                                  at /rustc/72f88fc4e9458f89516a0b8b0868f3718aec5b47/library/std/src/io/mod.rs:1517
[INFO] [stderr]      6:     0x561f1def9550 - std::sys_common::backtrace::_print::haa2f390fb7957e3e
[INFO] [stderr]                                  at /rustc/72f88fc4e9458f89516a0b8b0868f3718aec5b47/library/std/src/sys_common/backtrace.rs:61
[INFO] [stderr]      7:     0x561f1def9550 - std::sys_common::backtrace::print::h48c7cbbad9013bb1
[INFO] [stderr]                                  at /rustc/72f88fc4e9458f89516a0b8b0868f3718aec5b47/library/std/src/sys_common/backtrace.rs:48
[INFO] [stderr]      8:     0x561f1def9550 - std::panicking::default_hook::{{closure}}::h8b7ff05a31e71d55
[INFO] [stderr]                                  at /rustc/72f88fc4e9458f89516a0b8b0868f3718aec5b47/library/std/src/panicking.rs:208
[INFO] [stderr]      9:     0x561f1def929c - std::panicking::default_hook::h2f00c78800d98e4c
[INFO] [stderr]                                  at /rustc/72f88fc4e9458f89516a0b8b0868f3718aec5b47/library/std/src/panicking.rs:227
[INFO] [stderr]     10:     0x561f1def9bb3 - std::panicking::rust_panic_with_hook::h4eaa635e4694aef3
[INFO] [stderr]                                  at /rustc/72f88fc4e9458f89516a0b8b0868f3718aec5b47/library/std/src/panicking.rs:577
[INFO] [stderr]     11:     0x561f1de4221c - std::panicking::begin_panic::{{closure}}::h2159083dbec6132f
[INFO] [stderr]                                  at /rustc/72f88fc4e9458f89516a0b8b0868f3718aec5b47/library/std/src/panicking.rs:506
[INFO] [stderr]     12:     0x561f1de44209 - std::sys_common::backtrace::__rust_end_short_backtrace::h25e276d708f683c0
[INFO] [stderr]                                  at /rustc/72f88fc4e9458f89516a0b8b0868f3718aec5b47/library/std/src/sys_common/backtrace.rs:153
[INFO] [stderr]     13:     0x561f1de42147 - std::panicking::begin_panic::h587e49caf2ce5b8c
[INFO] [stderr]                                  at /rustc/72f88fc4e9458f89516a0b8b0868f3718aec5b47/library/std/src/panicking.rs:505
[INFO] [stderr]     14:     0x561f1d8fbb74 - build_script_build::build_jsapi::h9ec15fc8df8f403f
[INFO] [stderr]                                  at /opt/rustwide/cargo-home/registry/src/github.com-1ecc6299db9ec823/mozjs_sys-0.61.13/build.rs:142
[INFO] [stderr]     15:     0x561f1d8fadc3 - build_script_build::main::hb012032dea9aeba6
[INFO] [stderr]                                  at /opt/rustwide/cargo-home/registry/src/github.com-1ecc6299db9ec823/mozjs_sys-0.61.13/build.rs:48
[INFO] [stderr]     16:     0x561f1d906a6b - core::ops::function::FnOnce::call_once::h285e61a322f4a657
[INFO] [stderr]                                  at /rustc/72f88fc4e9458f89516a0b8b0868f3718aec5b47/library/core/src/ops/function.rs:227
[INFO] [stderr]     17:     0x561f1d90629e - std::sys_common::backtrace::__rust_begin_short_backtrace::h62c9c74a67a574f8
[INFO] [stderr]                                  at /rustc/72f88fc4e9458f89516a0b8b0868f3718aec5b47/library/std/src/sys_common/backtrace.rs:137
[INFO] [stderr]     18:     0x561f1d903f61 - std::rt::lang_start::{{closure}}::h2622b9624ccbea4e
[INFO] [stderr]                                  at /rustc/72f88fc4e9458f89516a0b8b0868f3718aec5b47/library/std/src/rt.rs:66
[INFO] [stderr]     19:     0x561f1def9fb1 - core::ops::function::impls::<impl core::ops::function::FnOnce<A> for &F>::call_once::hecc21eb9018cc197
[INFO] [stderr]                                  at /rustc/72f88fc4e9458f89516a0b8b0868f3718aec5b47/library/core/src/ops/function.rs:259
[INFO] [stderr]     20:     0x561f1def9fb1 - std::panicking::try::do_call::h174ad655d084b5c7
[INFO] [stderr]                                  at /rustc/72f88fc4e9458f89516a0b8b0868f3718aec5b47/library/std/src/panicking.rs:381
[INFO] [stderr]     21:     0x561f1def9fb1 - std::panicking::try::h479e6054ce28de10
[INFO] [stderr]                                  at /rustc/72f88fc4e9458f89516a0b8b0868f3718aec5b47/library/std/src/panicking.rs:345
[INFO] [stderr]     22:     0x561f1def9fb1 - std::panic::catch_unwind::hb558ddea2b3e9c45
[INFO] [stderr]                                  at /rustc/72f88fc4e9458f89516a0b8b0868f3718aec5b47/library/std/src/panic.rs:382
[INFO] [stderr]     23:     0x561f1def9fb1 - std::rt::lang_start_internal::h163149047f0a8b61
[INFO] [stderr]                                  at /rustc/72f88fc4e9458f89516a0b8b0868f3718aec5b47/library/std/src/rt.rs:51
[INFO] [stderr]     24:     0x561f1d903f37 - std::rt::lang_start::h291dc0f462630087
[INFO] [stderr]                                  at /rustc/72f88fc4e9458f89516a0b8b0868f3718aec5b47/library/std/src/rt.rs:65
[INFO] [stderr]     25:     0x561f1d8fecba - main
[INFO] [stderr]     26:     0x7f24dcc2d0b3 - __libc_start_main
[INFO] [stderr]     27:     0x561f1d8fa0ce - _start
[INFO] [stderr]     28:                0x0 - <unknown>
[INFO] running `Command { std: "docker" "inspect" "4b58e312b67a1adf0c473e850ef7393bc2871f04d81efda137be0307aa290b9a", kill_on_drop: false }`
[INFO] running `Command { std: "docker" "rm" "-f" "4b58e312b67a1adf0c473e850ef7393bc2871f04d81efda137be0307aa290b9a", kill_on_drop: false }`
[INFO] [stdout] 4b58e312b67a1adf0c473e850ef7393bc2871f04d81efda137be0307aa290b9a
